{"id":17925,"date":"2023-12-06T16:57:54","date_gmt":"2023-12-06T15:57:54","guid":{"rendered":"https:\/\/saloni.pl\/?post_type=product&#038;p=17925"},"modified":"2023-12-06T17:00:24","modified_gmt":"2023-12-06T16:00:24","slug":"kabina-prysznicowa-avexa-chrome-drzwi-prawe-80-cm-scianka-stala-80-cm","status":"publish","type":"product","link":"https:\/\/saloni.pl\/index.php\/produkt\/kabina-prysznicowa-avexa-chrome-drzwi-prawe-80-cm-scianka-stala-80-cm\/","title":{"rendered":"Kabina prysznicowa Avexa Chrome, drzwi prawe 80 cm, \u015bcianka sta\u0142a 80 cm"},"content":{"rendered":"<h5>Kabina prysznicowa Avexa Chrome 80 x 80 cm, drzwi prawe otwierane na zewn\u0105trz, wersja chrom, szk\u0142o przejrzyste 6 mm z pow\u0142ok\u0105 Active Shield<\/h5>\n<h5><\/h5>\n<h5><strong>Kabina dost\u0119pna w wielu wymiarach, nie znalaz\u0142e\u015b wymiaru kt\u00f3rego szukasz?<\/strong><\/h5>\n<div class=\"option-content\">\n<p><strong>Zadzwo\u0144 do nas lub napisz, przedstawimy ci najlepsz\u0105 ofert\u0119.<\/strong><\/p>\n<p>Model Avexa posiada eleganckie, chromowane detale o wyko\u0144czeniu w po\u0142ysku. Drzwi prysznicowe wyposa\u017cone w bezpieczn\u0105, hartowan\u0105 szyb\u0119 o grubo\u015bci 6mm, z pow\u0142ok\u0105 ochronn\u0105 Active Shield 2.0. W dolnej cz\u0119\u015bci drzwi znajduje si\u0119 rynienka, odprowadzaj\u0105ca wod\u0119 z szyby do wewn\u0105trz strefy prysznicowej. Produkt mo\u017ce by\u0107 instalowany z brodzikiem lub bez brodzika. Kolekcja obj\u0119ta 7-letnim okresem gwarancji. Istnieje mo\u017cliwo\u015b\u0107 zam\u00f3wienia produktu tak\u017ce w opcji na wymiar.<\/p>\n<p><img loading=\"lazy\" decoding=\"async\" class=\"alignnone size-full wp-image-17907\" src=\"https:\/\/saloni.pl\/wp-content\/uploads\/2023\/12\/AVEXA-KABINA-DRZWI-JEDNOSKRZYDLOWE-CECHY-PRAWE.jpg\" alt=\"\" width=\"404\" height=\"404\" srcset=\"https:\/\/saloni.pl\/wp-content\/uploads\/2023\/12\/AVEXA-KABINA-DRZWI-JEDNOSKRZYDLOWE-CECHY-PRAWE.jpg 404w, https:\/\/saloni.pl\/wp-content\/uploads\/2023\/12\/AVEXA-KABINA-DRZWI-JEDNOSKRZYDLOWE-CECHY-PRAWE-300x300.jpg 300w, https:\/\/saloni.pl\/wp-content\/uploads\/2023\/12\/AVEXA-KABINA-DRZWI-JEDNOSKRZYDLOWE-CECHY-PRAWE-150x150.jpg 150w, https:\/\/saloni.pl\/wp-content\/uploads\/2023\/12\/AVEXA-KABINA-DRZWI-JEDNOSKRZYDLOWE-CECHY-PRAWE-324x324.jpg 324w, https:\/\/saloni.pl\/wp-content\/uploads\/2023\/12\/AVEXA-KABINA-DRZWI-JEDNOSKRZYDLOWE-CECHY-PRAWE-100x100.jpg 100w, https:\/\/saloni.pl\/wp-content\/uploads\/2023\/12\/AVEXA-KABINA-DRZWI-JEDNOSKRZYDLOWE-CECHY-PRAWE-50x50.jpg 50w\" sizes=\"auto, (max-width: 404px) 100vw, 404px\" \/><\/p>\n<p><img loading=\"lazy\" decoding=\"async\" class=\"alignnone size-full wp-image-17854\" src=\"https:\/\/saloni.pl\/wp-content\/uploads\/2023\/10\/CECHY-1.jpg\" alt=\"\" width=\"773\" height=\"762\" srcset=\"https:\/\/saloni.pl\/wp-content\/uploads\/2023\/10\/CECHY-1.jpg 773w, https:\/\/saloni.pl\/wp-content\/uploads\/2023\/10\/CECHY-1-300x296.jpg 300w, https:\/\/saloni.pl\/wp-content\/uploads\/2023\/10\/CECHY-1-768x757.jpg 768w, https:\/\/saloni.pl\/wp-content\/uploads\/2023\/10\/CECHY-1-600x591.jpg 600w, https:\/\/saloni.pl\/wp-content\/uploads\/2023\/10\/CECHY-1-100x100.jpg 100w, https:\/\/saloni.pl\/wp-content\/uploads\/2023\/10\/CECHY-1-50x50.jpg 50w\" sizes=\"auto, (max-width: 773px) 100vw, 773px\" \/><\/p>\n<p><img loading=\"lazy\" decoding=\"async\" class=\"alignnone size-full wp-image-17855\" src=\"https:\/\/saloni.pl\/wp-content\/uploads\/2023\/10\/CECHY-2.jpg\" alt=\"\" width=\"772\" height=\"414\" srcset=\"https:\/\/saloni.pl\/wp-content\/uploads\/2023\/10\/CECHY-2.jpg 772w, https:\/\/saloni.pl\/wp-content\/uploads\/2023\/10\/CECHY-2-300x161.jpg 300w, https:\/\/saloni.pl\/wp-content\/uploads\/2023\/10\/CECHY-2-768x412.jpg 768w, https:\/\/saloni.pl\/wp-content\/uploads\/2023\/10\/CECHY-2-600x322.jpg 600w\" sizes=\"auto, (max-width: 772px) 100vw, 772px\" \/><\/p>\n<p><img loading=\"lazy\" decoding=\"async\" class=\"alignnone size-full wp-image-17856\" src=\"https:\/\/saloni.pl\/wp-content\/uploads\/2023\/10\/CECHY-3.jpg\" alt=\"\" width=\"733\" height=\"518\" srcset=\"https:\/\/saloni.pl\/wp-content\/uploads\/2023\/10\/CECHY-3.jpg 733w, https:\/\/saloni.pl\/wp-content\/uploads\/2023\/10\/CECHY-3-300x212.jpg 300w, https:\/\/saloni.pl\/wp-content\/uploads\/2023\/10\/CECHY-3-600x424.jpg 600w\" sizes=\"auto, (max-width: 733px) 100vw, 733px\" \/><\/p>\n<p><img loading=\"lazy\" decoding=\"async\" class=\"alignnone size-full wp-image-17911\" src=\"https:\/\/saloni.pl\/wp-content\/uploads\/2023\/12\/AVEXA-KABINA-DRZWI-JEDNOSKRZYDLOWE-montaz.jpg\" alt=\"\" width=\"746\" height=\"314\" srcset=\"https:\/\/saloni.pl\/wp-content\/uploads\/2023\/12\/AVEXA-KABINA-DRZWI-JEDNOSKRZYDLOWE-montaz.jpg 746w, https:\/\/saloni.pl\/wp-content\/uploads\/2023\/12\/AVEXA-KABINA-DRZWI-JEDNOSKRZYDLOWE-montaz-300x126.jpg 300w, https:\/\/saloni.pl\/wp-content\/uploads\/2023\/12\/AVEXA-KABINA-DRZWI-JEDNOSKRZYDLOWE-montaz-324x136.jpg 324w, https:\/\/saloni.pl\/wp-content\/uploads\/2023\/12\/AVEXA-KABINA-DRZWI-JEDNOSKRZYDLOWE-montaz-416x175.jpg 416w\" sizes=\"auto, (max-width: 746px) 100vw, 746px\" \/><\/p>\n<p><img loading=\"lazy\" decoding=\"async\" class=\"alignnone size-full wp-image-17913\" src=\"https:\/\/saloni.pl\/wp-content\/uploads\/2023\/12\/AVEXA-KABINA-DRZWI-JEDNOSKRZYDLOWE-prawa-RYS-TECHN.jpg\" alt=\"\" width=\"350\" height=\"453\" srcset=\"https:\/\/saloni.pl\/wp-content\/uploads\/2023\/12\/AVEXA-KABINA-DRZWI-JEDNOSKRZYDLOWE-prawa-RYS-TECHN.jpg 350w, https:\/\/saloni.pl\/wp-content\/uploads\/2023\/12\/AVEXA-KABINA-DRZWI-JEDNOSKRZYDLOWE-prawa-RYS-TECHN-232x300.jpg 232w, https:\/\/saloni.pl\/wp-content\/uploads\/2023\/12\/AVEXA-KABINA-DRZWI-JEDNOSKRZYDLOWE-prawa-RYS-TECHN-324x419.jpg 324w\" sizes=\"auto, (max-width: 350px) 100vw, 350px\" \/><\/p>\n<h3><strong>A= 79,2-80,2 cm<\/strong><\/h3>\n<h3><strong>B= 79,2-80,2 cm<\/strong><\/h3>\n<h3><strong>C= 23,5 cm<\/strong><\/h3>\n<h3><strong>W= 53 cm<\/strong><\/h3>\n<h3><strong>H= 200 cm<\/strong><\/h3>\n<p><img loading=\"lazy\" decoding=\"async\" class=\"alignnone size-full wp-image-17914\" src=\"https:\/\/saloni.pl\/wp-content\/uploads\/2023\/12\/AVEXA-KABINA-DRZWI-JEDNOSKRZYDLOWE-RYS-TECHN2.jpg\" alt=\"\" width=\"313\" height=\"264\" srcset=\"https:\/\/saloni.pl\/wp-content\/uploads\/2023\/12\/AVEXA-KABINA-DRZWI-JEDNOSKRZYDLOWE-RYS-TECHN2.jpg 313w, https:\/\/saloni.pl\/wp-content\/uploads\/2023\/12\/AVEXA-KABINA-DRZWI-JEDNOSKRZYDLOWE-RYS-TECHN2-300x253.jpg 300w\" sizes=\"auto, (max-width: 313px) 100vw, 313px\" \/><\/p>\n<\/div>\n","protected":false},"excerpt":{"rendered":"<p>Kabina prysznicowa Avexa Chrome 80 x 80 cm, drzwi prawe otwierane na zewn\u0105trz, wersja chrom, szk\u0142o przejrzyste 6 mm z pow\u0142ok\u0105 Active Shield Kabina dost\u0119pna w wielu wymiarach, nie znalaz\u0142e\u015b wymiaru kt\u00f3rego szukasz? Zadzwo\u0144 do nas lub napisz, przedstawimy ci najlepsz\u0105 ofert\u0119. Model Avexa posiada eleganckie, chromowane detale o wyko\u0144czeniu w po\u0142ysku. Drzwi prysznicowe wyposa\u017cone [&hellip;]<\/p>\n","protected":false},"featured_media":17910,"comment_status":"closed","ping_status":"closed","template":"","meta":[],"product_brand":[],"product_cat":[187,101,227],"product_tag":[490,425,145,478],"berocket_brand":[124],"class_list":{"0":"post-17925","1":"product","2":"type-product","3":"status-publish","4":"has-post-thumbnail","6":"product_cat-chrom","7":"product_cat-kwadratowe","8":"product_cat-otwierane-na-zewnatrz","9":"product_tag-avexa","10":"product_tag-chrom","11":"product_tag-kabina-prysznicowa","12":"product_tag-otwierane-na-zewnatrz","13":"berocket_brand-new-trendy","15":"first","16":"instock","17":"sale","18":"featured","19":"shipping-taxable","20":"purchasable","21":"product-type-simple"},"_links":{"self":[{"href":"https:\/\/saloni.pl\/index.php\/wp-json\/wp\/v2\/product\/17925","targetHints":{"allow":["GET"]}}],"collection":[{"href":"https:\/\/saloni.pl\/index.php\/wp-json\/wp\/v2\/product"}],"about":[{"href":"https:\/\/saloni.pl\/index.php\/wp-json\/wp\/v2\/types\/product"}],"replies":[{"embeddable":true,"href":"https:\/\/saloni.pl\/index.php\/wp-json\/wp\/v2\/comments?post=17925"}],"wp:featuredmedia":[{"embeddable":true,"href":"https:\/\/saloni.pl\/index.php\/wp-json\/wp\/v2\/media\/17910"}],"wp:attachment":[{"href":"https:\/\/saloni.pl\/index.php\/wp-json\/wp\/v2\/media?parent=17925"}],"wp:term":[{"taxonomy":"product_brand","embeddable":true,"href":"https:\/\/saloni.pl\/index.php\/wp-json\/wp\/v2\/product_brand?post=17925"},{"taxonomy":"product_cat","embeddable":true,"href":"https:\/\/saloni.pl\/index.php\/wp-json\/wp\/v2\/product_cat?post=17925"},{"taxonomy":"product_tag","embeddable":true,"href":"https:\/\/saloni.pl\/index.php\/wp-json\/wp\/v2\/product_tag?post=17925"},{"taxonomy":"berocket_brand","embeddable":true,"href":"https:\/\/saloni.pl\/index.php\/wp-json\/wp\/v2\/berocket_brand?post=17925"}],"curies":[{"name":"wp","href":"https:\/\/api.w.org\/{rel}","templated":true}]}}