{"id":17821,"date":"2023-10-18T14:54:40","date_gmt":"2023-10-18T12:54:40","guid":{"rendered":"https:\/\/saloni.pl\/?post_type=product&#038;p=17821"},"modified":"2023-10-18T15:31:33","modified_gmt":"2023-10-18T13:31:33","slug":"kabina-prysznicowa-pieciokatna-eventa-black-chrome-90x90-lewa-z-pojedynczymi-drzwiami","status":"publish","type":"product","link":"https:\/\/saloni.pl\/index.php\/produkt\/kabina-prysznicowa-pieciokatna-eventa-black-chrome-90x90-lewa-z-pojedynczymi-drzwiami\/","title":{"rendered":"Kabina prysznicowa pi\u0119ciok\u0105tna Eventa Black Chrome 90x90 lewa z pojedynczymi drzwiami"},"content":{"rendered":"<h5>Kabina prysznicowa\u00a0 pi\u0119ciok\u0105tna Eventa Black Chrome z pojedynczymi drzwiami otwieranymi na zewn\u0105trz, 90x90 cm, drzwi lewe, wersja po\u0142ysk, szk\u0142o przejrzyste 8 mm z pow\u0142ok\u0105 Active Shield<\/h5>\n<h5><\/h5>\n<h5><strong>Kabiny dost\u0119pne w wielu rozmiarach, nie znalaz\u0142e\u015b wymiaru kt\u00f3rego szukasz?<\/strong><\/h5>\n<div class=\"option-content\">\n<h4><strong>Zadzwo\u0144 do nas lub napisz, przedstawimy ci najlepsz\u0105 ofert\u0119.<\/strong><\/h4>\n<p>Model Eventa Black Chrome posiada eleganckie, czarne detale o wyko\u0144czeniu w po\u0142ysku. Drzwi wn\u0119kowe, wyposa\u017cone w bezpieczne, hartowane szyby o grubo\u015bci 8 mm, z pow\u0142ok\u0105 ochronn\u0105 Active Shield. W dolnej cz\u0119\u015bci drzwi znajduje si\u0119 rynienka, odprowadzaj\u0105ca wod\u0119 z szyby do wewn\u0105trz strefy prysznicowej. Produkt mo\u017ce by\u0107 instalowany z brodzikiem lub bez brodzika. Kolekcja obj\u0119ta 7-letnim okresem gwarancji. Istnieje mo\u017cliwo\u015b\u0107 zam\u00f3wienia modelu tak\u017ce w opcji na wymiar i w wielu kolorach szk\u0142a. Wymagana szeroko\u015b\u0107 wn\u0119ki 80-81 cm. Istnieje mo\u017cliwo\u015b\u0107 zwi\u0119kszenia regulacji o 1 cm przez dodanie profilu poszerzaj\u0105cego.<\/p>\n<p><img loading=\"lazy\" decoding=\"async\" class=\"alignnone size-full wp-image-17822\" src=\"https:\/\/saloni.pl\/wp-content\/uploads\/2023\/10\/EVENTA-CLACK-CHROME-PIECIOKATNA-LEWA-CECHY.jpg\" alt=\"\" width=\"404\" height=\"404\" srcset=\"https:\/\/saloni.pl\/wp-content\/uploads\/2023\/10\/EVENTA-CLACK-CHROME-PIECIOKATNA-LEWA-CECHY.jpg 404w, https:\/\/saloni.pl\/wp-content\/uploads\/2023\/10\/EVENTA-CLACK-CHROME-PIECIOKATNA-LEWA-CECHY-300x300.jpg 300w, https:\/\/saloni.pl\/wp-content\/uploads\/2023\/10\/EVENTA-CLACK-CHROME-PIECIOKATNA-LEWA-CECHY-150x150.jpg 150w, https:\/\/saloni.pl\/wp-content\/uploads\/2023\/10\/EVENTA-CLACK-CHROME-PIECIOKATNA-LEWA-CECHY-100x100.jpg 100w, https:\/\/saloni.pl\/wp-content\/uploads\/2023\/10\/EVENTA-CLACK-CHROME-PIECIOKATNA-LEWA-CECHY-50x50.jpg 50w\" sizes=\"auto, (max-width: 404px) 100vw, 404px\" \/><\/p>\n<p><img loading=\"lazy\" decoding=\"async\" class=\"alignnone size-full wp-image-17737\" src=\"https:\/\/saloni.pl\/wp-content\/uploads\/2023\/10\/BLACK-CHROME-DETALE-1.jpg\" alt=\"\" width=\"517\" height=\"564\" srcset=\"https:\/\/saloni.pl\/wp-content\/uploads\/2023\/10\/BLACK-CHROME-DETALE-1.jpg 517w, https:\/\/saloni.pl\/wp-content\/uploads\/2023\/10\/BLACK-CHROME-DETALE-1-275x300.jpg 275w, https:\/\/saloni.pl\/wp-content\/uploads\/2023\/10\/BLACK-CHROME-DETALE-1-300x327.jpg 300w\" sizes=\"auto, (max-width: 517px) 100vw, 517px\" \/><\/p>\n<p><img loading=\"lazy\" decoding=\"async\" class=\"alignnone size-full wp-image-17738\" src=\"https:\/\/saloni.pl\/wp-content\/uploads\/2023\/10\/BLACK-CHROME-DETALE-2.jpg\" alt=\"\" width=\"501\" height=\"526\" srcset=\"https:\/\/saloni.pl\/wp-content\/uploads\/2023\/10\/BLACK-CHROME-DETALE-2.jpg 501w, https:\/\/saloni.pl\/wp-content\/uploads\/2023\/10\/BLACK-CHROME-DETALE-2-286x300.jpg 286w, https:\/\/saloni.pl\/wp-content\/uploads\/2023\/10\/BLACK-CHROME-DETALE-2-300x315.jpg 300w\" sizes=\"auto, (max-width: 501px) 100vw, 501px\" \/><\/p>\n<p><img loading=\"lazy\" decoding=\"async\" class=\"alignnone size-full wp-image-17743\" src=\"https:\/\/saloni.pl\/wp-content\/uploads\/2023\/10\/EVENTA-MONTAZ-1.jpg\" alt=\"\" width=\"728\" height=\"415\" srcset=\"https:\/\/saloni.pl\/wp-content\/uploads\/2023\/10\/EVENTA-MONTAZ-1.jpg 728w, https:\/\/saloni.pl\/wp-content\/uploads\/2023\/10\/EVENTA-MONTAZ-1-300x171.jpg 300w, https:\/\/saloni.pl\/wp-content\/uploads\/2023\/10\/EVENTA-MONTAZ-1-600x342.jpg 600w\" sizes=\"auto, (max-width: 728px) 100vw, 728px\" \/><\/p>\n<p><img loading=\"lazy\" decoding=\"async\" class=\"alignnone size-full wp-image-17744\" src=\"https:\/\/saloni.pl\/wp-content\/uploads\/2023\/10\/EVENTA-MONTAZ-2.jpg\" alt=\"\" width=\"750\" height=\"335\" srcset=\"https:\/\/saloni.pl\/wp-content\/uploads\/2023\/10\/EVENTA-MONTAZ-2.jpg 750w, https:\/\/saloni.pl\/wp-content\/uploads\/2023\/10\/EVENTA-MONTAZ-2-300x134.jpg 300w, https:\/\/saloni.pl\/wp-content\/uploads\/2023\/10\/EVENTA-MONTAZ-2-600x268.jpg 600w\" sizes=\"auto, (max-width: 750px) 100vw, 750px\" \/><\/p>\n<p><img loading=\"lazy\" decoding=\"async\" class=\"alignnone size-full wp-image-17826\" src=\"https:\/\/saloni.pl\/wp-content\/uploads\/2023\/10\/EVENTA-CLACK-CHROME-PIECIOKATNA-RYS-TECHNICZNY.jpg\" alt=\"\" width=\"564\" height=\"293\" srcset=\"https:\/\/saloni.pl\/wp-content\/uploads\/2023\/10\/EVENTA-CLACK-CHROME-PIECIOKATNA-RYS-TECHNICZNY.jpg 564w, https:\/\/saloni.pl\/wp-content\/uploads\/2023\/10\/EVENTA-CLACK-CHROME-PIECIOKATNA-RYS-TECHNICZNY-300x156.jpg 300w\" sizes=\"auto, (max-width: 564px) 100vw, 564px\" \/><\/p>\n<h3><strong>A= 90,2-91,2 cm<\/strong><\/h3>\n<h3><strong>B= <\/strong><strong>90,2-91,2 cm<\/strong><\/h3>\n<h3><strong>C= 43,5 cm<\/strong><\/h3>\n<h3><strong>D= 63 cm<\/strong><\/h3>\n<h3><strong>H= 200 cm<\/strong><\/h3>\n<\/div>\n","protected":false},"excerpt":{"rendered":"<p>Kabina prysznicowa\u00a0 pi\u0119ciok\u0105tna Eventa Black Chrome z pojedynczymi drzwiami otwieranymi na zewn\u0105trz, 90x90 cm, drzwi lewe, wersja po\u0142ysk, szk\u0142o przejrzyste 8 mm z pow\u0142ok\u0105 Active Shield Kabiny dost\u0119pne w wielu rozmiarach, nie znalaz\u0142e\u015b wymiaru kt\u00f3rego szukasz? Zadzwo\u0144 do nas lub napisz, przedstawimy ci najlepsz\u0105 ofert\u0119. Model Eventa Black Chrome posiada eleganckie, czarne detale o wyko\u0144czeniu [&hellip;]<\/p>\n","protected":false},"featured_media":17823,"comment_status":"closed","ping_status":"closed","template":"","meta":[],"product_brand":[],"product_cat":[485,16,486,107],"product_tag":[421,476,145,478,489],"berocket_brand":[124],"class_list":{"0":"post-17821","1":"product","2":"type-product","3":"status-publish","4":"has-post-thumbnail","6":"product_cat-black-chrome-pieciokatne","7":"product_cat-kabiny-prysznicowe","8":"product_cat-otwierane-na-zewnatrz-black-chrome-pieciokatne","9":"product_cat-pieciokatne","10":"product_tag-black","11":"product_tag-eventa","12":"product_tag-kabina-prysznicowa","13":"product_tag-otwierane-na-zewnatrz","14":"product_tag-pieciokatne","15":"berocket_brand-new-trendy","17":"first","18":"instock","19":"sale","20":"featured","21":"shipping-taxable","22":"purchasable","23":"product-type-simple"},"_links":{"self":[{"href":"https:\/\/saloni.pl\/index.php\/wp-json\/wp\/v2\/product\/17821","targetHints":{"allow":["GET"]}}],"collection":[{"href":"https:\/\/saloni.pl\/index.php\/wp-json\/wp\/v2\/product"}],"about":[{"href":"https:\/\/saloni.pl\/index.php\/wp-json\/wp\/v2\/types\/product"}],"replies":[{"embeddable":true,"href":"https:\/\/saloni.pl\/index.php\/wp-json\/wp\/v2\/comments?post=17821"}],"wp:featuredmedia":[{"embeddable":true,"href":"https:\/\/saloni.pl\/index.php\/wp-json\/wp\/v2\/media\/17823"}],"wp:attachment":[{"href":"https:\/\/saloni.pl\/index.php\/wp-json\/wp\/v2\/media?parent=17821"}],"wp:term":[{"taxonomy":"product_brand","embeddable":true,"href":"https:\/\/saloni.pl\/index.php\/wp-json\/wp\/v2\/product_brand?post=17821"},{"taxonomy":"product_cat","embeddable":true,"href":"https:\/\/saloni.pl\/index.php\/wp-json\/wp\/v2\/product_cat?post=17821"},{"taxonomy":"product_tag","embeddable":true,"href":"https:\/\/saloni.pl\/index.php\/wp-json\/wp\/v2\/product_tag?post=17821"},{"taxonomy":"berocket_brand","embeddable":true,"href":"https:\/\/saloni.pl\/index.php\/wp-json\/wp\/v2\/berocket_brand?post=17821"}],"curies":[{"name":"wp","href":"https:\/\/api.w.org\/{rel}","templated":true}]}}

Kabina prysznicowa pięciokątna Eventa Black Chrome 90x90 lewa z pojedynczymi drzwiami

<h5>Kabina prysznicowa  pięciokątna Eventa Black Chrome z pojedynczymi drzwiami otwieranymi na zewnątrz, 90x90 cm, drzwi lewe, wersja połysk, szkło przejrzyste 8 mm z powłoką Active Shield</h5>
<h5></h5>
<h5><strong>Kabiny dostępne w wielu rozmiarach, nie znalazłeś wymiaru którego szukasz?</strong></h5>
<div class="option-content">
<h4><strong>Zadzwoń do nas lub napisz, przedstawimy ci najlepszą ofertę.</strong></h4>
<p>Model Eventa Black Chrome posiada eleganckie, czarne detale o wykończeniu w połysku. Drzwi wnękowe, wyposażone w bezpieczne, hartowane szyby o grubości 8 mm, z powłoką ochronną Active Shield. W dolnej części drzwi znajduje się rynienka, odprowadzająca wodę z szyby do wewnątrz strefy prysznicowej. Produkt może być instalowany z brodzikiem lub bez brodzika. Kolekcja objęta 7-letnim okresem gwarancji. Istnieje możliwość zamówienia modelu także w opcji na wymiar i w wielu kolorach szkła. Wymagana szerokość wnęki 80-81 cm. Istnieje możliwość zwiększenia regulacji o 1 cm przez dodanie profilu poszerzającego.</p>
<p><img loading="lazy" decoding="async" class="alignnone size-full wp-image-17822" src="https://saloni.pl/wp-content/uploads/2023/10/EVENTA-CLACK-CHROME-PIECIOKATNA-LEWA-CECHY.jpg" alt="" width="404" height="404" srcset="https://saloni.pl/wp-content/uploads/2023/10/EVENTA-CLACK-CHROME-PIECIOKATNA-LEWA-CECHY.jpg 404w, https://saloni.pl/wp-content/uploads/2023/10/EVENTA-CLACK-CHROME-PIECIOKATNA-LEWA-CECHY-300x300.jpg 300w, https://saloni.pl/wp-content/uploads/2023/10/EVENTA-CLACK-CHROME-PIECIOKATNA-LEWA-CECHY-150x150.jpg 150w, https://saloni.pl/wp-content/uploads/2023/10/EVENTA-CLACK-CHROME-PIECIOKATNA-LEWA-CECHY-100x100.jpg 100w, https://saloni.pl/wp-content/uploads/2023/10/EVENTA-CLACK-CHROME-PIECIOKATNA-LEWA-CECHY-50x50.jpg 50w" sizes="auto, (max-width: 404px) 100vw, 404px" /></p>
<p><img loading="lazy" decoding="async" class="alignnone size-full wp-image-17737" src="https://saloni.pl/wp-content/uploads/2023/10/BLACK-CHROME-DETALE-1.jpg" alt="" width="517" height="564" srcset="https://saloni.pl/wp-content/uploads/2023/10/BLACK-CHROME-DETALE-1.jpg 517w, https://saloni.pl/wp-content/uploads/2023/10/BLACK-CHROME-DETALE-1-275x300.jpg 275w, https://saloni.pl/wp-content/uploads/2023/10/BLACK-CHROME-DETALE-1-300x327.jpg 300w" sizes="auto, (max-width: 517px) 100vw, 517px" /></p>
<p><img loading="lazy" decoding="async" class="alignnone size-full wp-image-17738" src="https://saloni.pl/wp-content/uploads/2023/10/BLACK-CHROME-DETALE-2.jpg" alt="" width="501" height="526" srcset="https://saloni.pl/wp-content/uploads/2023/10/BLACK-CHROME-DETALE-2.jpg 501w, https://saloni.pl/wp-content/uploads/2023/10/BLACK-CHROME-DETALE-2-286x300.jpg 286w, https://saloni.pl/wp-content/uploads/2023/10/BLACK-CHROME-DETALE-2-300x315.jpg 300w" sizes="auto, (max-width: 501px) 100vw, 501px" /></p>
<p><img loading="lazy" decoding="async" class="alignnone size-full wp-image-17743" src="https://saloni.pl/wp-content/uploads/2023/10/EVENTA-MONTAZ-1.jpg" alt="" width="728" height="415" srcset="https://saloni.pl/wp-content/uploads/2023/10/EVENTA-MONTAZ-1.jpg 728w, https://saloni.pl/wp-content/uploads/2023/10/EVENTA-MONTAZ-1-300x171.jpg 300w, https://saloni.pl/wp-content/uploads/2023/10/EVENTA-MONTAZ-1-600x342.jpg 600w" sizes="auto, (max-width: 728px) 100vw, 728px" /></p>
<p><img loading="lazy" decoding="async" class="alignnone size-full wp-image-17744" src="https://saloni.pl/wp-content/uploads/2023/10/EVENTA-MONTAZ-2.jpg" alt="" width="750" height="335" srcset="https://saloni.pl/wp-content/uploads/2023/10/EVENTA-MONTAZ-2.jpg 750w, https://saloni.pl/wp-content/uploads/2023/10/EVENTA-MONTAZ-2-300x134.jpg 300w, https://saloni.pl/wp-content/uploads/2023/10/EVENTA-MONTAZ-2-600x268.jpg 600w" sizes="auto, (max-width: 750px) 100vw, 750px" /></p>
<p><img loading="lazy" decoding="async" class="alignnone size-full wp-image-17826" src="https://saloni.pl/wp-content/uploads/2023/10/EVENTA-CLACK-CHROME-PIECIOKATNA-RYS-TECHNICZNY.jpg" alt="" width="564" height="293" srcset="https://saloni.pl/wp-content/uploads/2023/10/EVENTA-CLACK-CHROME-PIECIOKATNA-RYS-TECHNICZNY.jpg 564w, https://saloni.pl/wp-content/uploads/2023/10/EVENTA-CLACK-CHROME-PIECIOKATNA-RYS-TECHNICZNY-300x156.jpg 300w" sizes="auto, (max-width: 564px) 100vw, 564px" /></p>
<h3><strong>A= 90,2-91,2 cm</strong></h3>
<h3><strong>B= </strong><strong>90,2-91,2 cm</strong></h3>
<h3><strong>C= 43,5 cm</strong></h3>
<h3><strong>D= 63 cm</strong></h3>
<h3><strong>H= 200 cm</strong></h3>
</div>

<p>Kabina prysznicowa  pięciokątna Eventa Black Chrome z pojedynczymi drzwiami otwieranymi na zewnątrz, 90x90 cm, drzwi lewe, wersja połysk, szkło przejrzyste 8 mm z powłoką Active Shield Kabiny dostępne w wielu rozmiarach, nie znalazłeś wymiaru którego szukasz? Zadzwoń do nas lub napisz, przedstawimy ci najlepszą ofertę. Model Eventa Black Chrome posiada eleganckie, czarne detale o wykończeniu [&hellip;]</p>
