{"id":17755,"date":"2023-10-11T16:52:53","date_gmt":"2023-10-11T14:52:53","guid":{"rendered":"https:\/\/saloni.pl\/?post_type=product&#038;p=17755"},"modified":"2023-10-11T17:02:59","modified_gmt":"2023-10-11T15:02:59","slug":"drzwi-wnekowe-eventa-black-chrome-prawe-110-cm-2","status":"publish","type":"product","link":"https:\/\/saloni.pl\/index.php\/produkt\/drzwi-wnekowe-eventa-black-chrome-prawe-110-cm-2\/","title":{"rendered":"Drzwi wn\u0119kowe Eventa Black Chrome z dodatkow\u0105 \u015bciank\u0105, prawe 110 cm"},"content":{"rendered":"<h5>Drzwi prysznicowe Eventa Black Chrome 110 cm, prawe z pojedynczymi drzwiami otwieranymi na zewn\u0105trz i dodatkow\u0105 \u015bciank\u0105, wersja chrom po\u0142ysk, szk\u0142o przejrzyste 8 mm z pow\u0142ok\u0105 Active Shield<\/h5>\n<p><strong>Produkt na zam\u00f3wienie, czas realizacji ok 4 tygodni<\/strong><\/p>\n<h5><strong>Drzwi dost\u0119pne w wielu wymiarach, nie znalaz\u0142e\u015b wymiaru kt\u00f3rego szukasz?<\/strong><\/h5>\n<div class=\"option-content\">\n<p><strong>Zadzwo\u0144 do nas lub napisz, przedstawimy ci najlepsz\u0105 ofert\u0119.<\/strong><\/p>\n<p>Model Eventa Black Chrome posiada eleganckie, czarne detale o wyko\u0144czeniu w po\u0142ysku. Drzwi wn\u0119kowe, wyposa\u017cone w bezpieczne, hartowane szyby o grubo\u015bci 8 mm, z pow\u0142ok\u0105 ochronn\u0105 Active Shield. W dolnej cz\u0119\u015bci drzwi znajduje si\u0119 rynienka, odprowadzaj\u0105ca wod\u0119 z szyby do wewn\u0105trz strefy prysznicowej. Produkt mo\u017ce by\u0107 instalowany z brodzikiem lub bez brodzika. Kolekcja obj\u0119ta 7-letnim okresem gwarancji. Istnieje mo\u017cliwo\u015b\u0107 zam\u00f3wienia modelu tak\u017ce w opcji na wymiar i w wielu kolorach szk\u0142a. Wymagana szeroko\u015b\u0107 wn\u0119ki 80-81 cm. Istnieje mo\u017cliwo\u015b\u0107 zwi\u0119kszenia regulacji o 1 cm przez dodanie profilu poszerzaj\u0105cego.<\/p>\n<p><img loading=\"lazy\" decoding=\"async\" class=\"alignnone size-full wp-image-17758\" src=\"https:\/\/saloni.pl\/wp-content\/uploads\/2023\/10\/EVENTA-BLACK-CHROME-DRZWI-2S-PRAWE.jpg\" alt=\"\" width=\"300\" height=\"284\" \/><\/p>\n<p><img loading=\"lazy\" decoding=\"async\" class=\"alignnone size-full wp-image-17737\" src=\"https:\/\/saloni.pl\/wp-content\/uploads\/2023\/10\/BLACK-CHROME-DETALE-1.jpg\" alt=\"\" width=\"517\" height=\"564\" srcset=\"https:\/\/saloni.pl\/wp-content\/uploads\/2023\/10\/BLACK-CHROME-DETALE-1.jpg 517w, https:\/\/saloni.pl\/wp-content\/uploads\/2023\/10\/BLACK-CHROME-DETALE-1-275x300.jpg 275w, https:\/\/saloni.pl\/wp-content\/uploads\/2023\/10\/BLACK-CHROME-DETALE-1-300x327.jpg 300w\" sizes=\"auto, (max-width: 517px) 100vw, 517px\" \/><\/p>\n<p><img loading=\"lazy\" decoding=\"async\" class=\"alignnone size-full wp-image-17738\" src=\"https:\/\/saloni.pl\/wp-content\/uploads\/2023\/10\/BLACK-CHROME-DETALE-2.jpg\" alt=\"\" width=\"501\" height=\"526\" srcset=\"https:\/\/saloni.pl\/wp-content\/uploads\/2023\/10\/BLACK-CHROME-DETALE-2.jpg 501w, https:\/\/saloni.pl\/wp-content\/uploads\/2023\/10\/BLACK-CHROME-DETALE-2-286x300.jpg 286w, https:\/\/saloni.pl\/wp-content\/uploads\/2023\/10\/BLACK-CHROME-DETALE-2-300x315.jpg 300w\" sizes=\"auto, (max-width: 501px) 100vw, 501px\" \/><\/p>\n<p><img loading=\"lazy\" decoding=\"async\" class=\"alignnone size-full wp-image-17743\" src=\"https:\/\/saloni.pl\/wp-content\/uploads\/2023\/10\/EVENTA-MONTAZ-1.jpg\" alt=\"\" width=\"728\" height=\"415\" srcset=\"https:\/\/saloni.pl\/wp-content\/uploads\/2023\/10\/EVENTA-MONTAZ-1.jpg 728w, https:\/\/saloni.pl\/wp-content\/uploads\/2023\/10\/EVENTA-MONTAZ-1-300x171.jpg 300w, https:\/\/saloni.pl\/wp-content\/uploads\/2023\/10\/EVENTA-MONTAZ-1-600x342.jpg 600w\" sizes=\"auto, (max-width: 728px) 100vw, 728px\" \/><\/p>\n<p><img loading=\"lazy\" decoding=\"async\" class=\"alignnone size-full wp-image-17744\" src=\"https:\/\/saloni.pl\/wp-content\/uploads\/2023\/10\/EVENTA-MONTAZ-2.jpg\" alt=\"\" width=\"750\" height=\"335\" srcset=\"https:\/\/saloni.pl\/wp-content\/uploads\/2023\/10\/EVENTA-MONTAZ-2.jpg 750w, https:\/\/saloni.pl\/wp-content\/uploads\/2023\/10\/EVENTA-MONTAZ-2-300x134.jpg 300w, https:\/\/saloni.pl\/wp-content\/uploads\/2023\/10\/EVENTA-MONTAZ-2-600x268.jpg 600w\" sizes=\"auto, (max-width: 750px) 100vw, 750px\" \/><\/p>\n<p><img loading=\"lazy\" decoding=\"async\" class=\"alignnone size-full wp-image-17760\" src=\"https:\/\/saloni.pl\/wp-content\/uploads\/2023\/10\/EVENTA-BLACK-CHROME-DRZWI-2S-RYSUNEK-TECHNICZNY.jpg\" alt=\"\" width=\"600\" height=\"398\" srcset=\"https:\/\/saloni.pl\/wp-content\/uploads\/2023\/10\/EVENTA-BLACK-CHROME-DRZWI-2S-RYSUNEK-TECHNICZNY.jpg 600w, https:\/\/saloni.pl\/wp-content\/uploads\/2023\/10\/EVENTA-BLACK-CHROME-DRZWI-2S-RYSUNEK-TECHNICZNY-300x199.jpg 300w\" sizes=\"auto, (max-width: 600px) 100vw, 600px\" \/><\/p>\n<h3><strong>A= 109,8-111,8 cm<\/strong><\/h3>\n<h3><strong>B= 24,5 cm<\/strong><\/h3>\n<h3><strong>C= 22 cm<\/strong><\/h3>\n<h3><strong>W= 63 cm<\/strong><\/h3>\n<h3><strong>H= 200 cm<\/strong><\/h3>\n<\/div>\n","protected":false},"excerpt":{"rendered":"<p>Drzwi prysznicowe Eventa Black Chrome 110 cm, prawe z pojedynczymi drzwiami otwieranymi na zewn\u0105trz i dodatkow\u0105 \u015bciank\u0105, wersja chrom po\u0142ysk, szk\u0142o przejrzyste 8 mm z pow\u0142ok\u0105 Active Shield Produkt na zam\u00f3wienie, czas realizacji ok 4 tygodni Drzwi dost\u0119pne w wielu wymiarach, nie znalaz\u0142e\u015b wymiaru kt\u00f3rego szukasz? Zadzwo\u0144 do nas lub napisz, przedstawimy ci najlepsz\u0105 ofert\u0119. [&hellip;]<\/p>\n","protected":false},"featured_media":17756,"comment_status":"closed","ping_status":"closed","template":"","meta":[],"product_brand":[],"product_cat":[479,20,109],"product_tag":[421,459,476,478],"berocket_brand":[124],"class_list":{"0":"post-17755","1":"product","2":"type-product","3":"status-publish","4":"has-post-thumbnail","6":"product_cat-black-chrome","7":"product_cat-drzwi-wnekowe","8":"product_cat-na-zewnatrz","9":"product_tag-black","10":"product_tag-drzwi-prysznicowe","11":"product_tag-eventa","12":"product_tag-otwierane-na-zewnatrz","13":"berocket_brand-new-trendy","15":"first","16":"onbackorder","17":"sale","18":"featured","19":"shipping-taxable","20":"purchasable","21":"product-type-simple"},"_links":{"self":[{"href":"https:\/\/saloni.pl\/index.php\/wp-json\/wp\/v2\/product\/17755","targetHints":{"allow":["GET"]}}],"collection":[{"href":"https:\/\/saloni.pl\/index.php\/wp-json\/wp\/v2\/product"}],"about":[{"href":"https:\/\/saloni.pl\/index.php\/wp-json\/wp\/v2\/types\/product"}],"replies":[{"embeddable":true,"href":"https:\/\/saloni.pl\/index.php\/wp-json\/wp\/v2\/comments?post=17755"}],"wp:featuredmedia":[{"embeddable":true,"href":"https:\/\/saloni.pl\/index.php\/wp-json\/wp\/v2\/media\/17756"}],"wp:attachment":[{"href":"https:\/\/saloni.pl\/index.php\/wp-json\/wp\/v2\/media?parent=17755"}],"wp:term":[{"taxonomy":"product_brand","embeddable":true,"href":"https:\/\/saloni.pl\/index.php\/wp-json\/wp\/v2\/product_brand?post=17755"},{"taxonomy":"product_cat","embeddable":true,"href":"https:\/\/saloni.pl\/index.php\/wp-json\/wp\/v2\/product_cat?post=17755"},{"taxonomy":"product_tag","embeddable":true,"href":"https:\/\/saloni.pl\/index.php\/wp-json\/wp\/v2\/product_tag?post=17755"},{"taxonomy":"berocket_brand","embeddable":true,"href":"https:\/\/saloni.pl\/index.php\/wp-json\/wp\/v2\/berocket_brand?post=17755"}],"curies":[{"name":"wp","href":"https:\/\/api.w.org\/{rel}","templated":true}]}}