{"id":17684,"date":"2023-03-16T15:47:06","date_gmt":"2023-03-16T14:47:06","guid":{"rendered":"https:\/\/saloni.pl\/?post_type=product&#038;p=17684"},"modified":"2023-03-16T15:53:15","modified_gmt":"2023-03-16T14:53:15","slug":"parawan-nawannowy-eos-pnw-4","status":"publish","type":"product","link":"https:\/\/saloni.pl\/index.php\/produkt\/parawan-nawannowy-eos-pnw-4\/","title":{"rendered":"Parawan nawannowy Eos PNW 4"},"content":{"rendered":"<h5><span style=\"color: #000000;\">Parawan nawannowy Eos PNW, 4 elementowy sk\u0142adany na \u015bcian\u0119 <\/span><span style=\"color: #000000;\">wersja chrom, szk\u0142o przejrzyste z pow\u0142ok\u0105 Easy Clean<br \/>\n<\/span><\/h5>\n<h5>Produkt uniwersalny prawy\/lewy<\/h5>\n<p><span style=\"color: #000000;\"><strong>Dost\u0119pny w wersji 3,4 i 5 element\u00f3w<\/strong><\/span><\/p>\n<h5><strong>Parawan dost\u0119pny w wielu wymiarach, nie znalaz\u0142e\u015b wymiaru kt\u00f3rego szukasz?<\/strong><\/h5>\n<div class=\"option-content\">\n<p><strong>Zadzwo\u0144 do nas lub napisz, przedstawimy ci najlepsz\u0105 ofert\u0119.<\/strong><\/p>\n<p><strong>Seria Eos<\/strong> dzi\u0119ki zastosowaniu du\u017cych tafli szklanych zachwyca swoj\u0105 lekko\u015bci\u0105 oraz przejrzysto\u015bci\u0105 konstrukcji, wp\u0142ywaj\u0105c tym samym na harmoni\u0119 ca\u0142ego wn\u0119trza. Kabiny te \u0142\u0105cz\u0105 w sobie pi\u0119kno, estetyk\u0119 i wygod\u0119 w ca\u0142ej okaza\u0142o\u015bci. Najwy\u017csza jako\u015b\u0107 wykonania oraz nowoczesna stylistyka stanowi\u0105 niekwestionowane atuty tej serii.<\/p>\n<p><img loading=\"lazy\" decoding=\"async\" class=\"alignnone size-full wp-image-17674\" src=\"https:\/\/saloni.pl\/wp-content\/uploads\/2023\/03\/EOS-PNW-CECHY-0.jpg\" alt=\"\" width=\"250\" height=\"375\" srcset=\"https:\/\/saloni.pl\/wp-content\/uploads\/2023\/03\/EOS-PNW-CECHY-0.jpg 250w, https:\/\/saloni.pl\/wp-content\/uploads\/2023\/03\/EOS-PNW-CECHY-0-200x300.jpg 200w\" sizes=\"auto, (max-width: 250px) 100vw, 250px\" \/><\/p>\n<p><img loading=\"lazy\" decoding=\"async\" class=\"alignnone size-full wp-image-17675\" src=\"https:\/\/saloni.pl\/wp-content\/uploads\/2023\/03\/EOS-PNW-CECHY-1.jpg\" alt=\"\" width=\"580\" height=\"583\" srcset=\"https:\/\/saloni.pl\/wp-content\/uploads\/2023\/03\/EOS-PNW-CECHY-1.jpg 580w, https:\/\/saloni.pl\/wp-content\/uploads\/2023\/03\/EOS-PNW-CECHY-1-298x300.jpg 298w, https:\/\/saloni.pl\/wp-content\/uploads\/2023\/03\/EOS-PNW-CECHY-1-150x150.jpg 150w, https:\/\/saloni.pl\/wp-content\/uploads\/2023\/03\/EOS-PNW-CECHY-1-300x302.jpg 300w, https:\/\/saloni.pl\/wp-content\/uploads\/2023\/03\/EOS-PNW-CECHY-1-100x100.jpg 100w, https:\/\/saloni.pl\/wp-content\/uploads\/2023\/03\/EOS-PNW-CECHY-1-50x50.jpg 50w\" sizes=\"auto, (max-width: 580px) 100vw, 580px\" \/><\/p>\n<p><img loading=\"lazy\" decoding=\"async\" class=\"alignnone size-full wp-image-17676\" src=\"https:\/\/saloni.pl\/wp-content\/uploads\/2023\/03\/EOS-PNW-CECHY-2.jpg\" alt=\"\" width=\"590\" height=\"471\" srcset=\"https:\/\/saloni.pl\/wp-content\/uploads\/2023\/03\/EOS-PNW-CECHY-2.jpg 590w, https:\/\/saloni.pl\/wp-content\/uploads\/2023\/03\/EOS-PNW-CECHY-2-300x239.jpg 300w\" sizes=\"auto, (max-width: 590px) 100vw, 590px\" \/><\/p>\n<p><img loading=\"lazy\" decoding=\"async\" class=\"alignnone size-full wp-image-17677\" src=\"https:\/\/saloni.pl\/wp-content\/uploads\/2023\/03\/EOS-PNW-CECHY-4.jpg\" alt=\"\" width=\"250\" height=\"248\" srcset=\"https:\/\/saloni.pl\/wp-content\/uploads\/2023\/03\/EOS-PNW-CECHY-4.jpg 250w, https:\/\/saloni.pl\/wp-content\/uploads\/2023\/03\/EOS-PNW-CECHY-4-150x150.jpg 150w, https:\/\/saloni.pl\/wp-content\/uploads\/2023\/03\/EOS-PNW-CECHY-4-100x100.jpg 100w, https:\/\/saloni.pl\/wp-content\/uploads\/2023\/03\/EOS-PNW-CECHY-4-50x50.jpg 50w\" sizes=\"auto, (max-width: 250px) 100vw, 250px\" \/><\/p>\n<p><img loading=\"lazy\" decoding=\"async\" class=\"alignnone size-full wp-image-17678\" src=\"https:\/\/saloni.pl\/wp-content\/uploads\/2023\/03\/EOS-PNW-rys-techniczny.jpg\" alt=\"\" width=\"650\" height=\"746\" srcset=\"https:\/\/saloni.pl\/wp-content\/uploads\/2023\/03\/EOS-PNW-rys-techniczny.jpg 650w, https:\/\/saloni.pl\/wp-content\/uploads\/2023\/03\/EOS-PNW-rys-techniczny-261x300.jpg 261w, https:\/\/saloni.pl\/wp-content\/uploads\/2023\/03\/EOS-PNW-rys-techniczny-300x344.jpg 300w, https:\/\/saloni.pl\/wp-content\/uploads\/2023\/03\/EOS-PNW-rys-techniczny-600x689.jpg 600w\" sizes=\"auto, (max-width: 650px) 100vw, 650px\" \/><\/p>\n<p>&nbsp;<\/p>\n<\/div>\n","protected":false},"excerpt":{"rendered":"<p>Parawan nawannowy Eos PNW, 4 elementowy sk\u0142adany na \u015bcian\u0119 wersja chrom, szk\u0142o przejrzyste z pow\u0142ok\u0105 Easy Clean Produkt uniwersalny prawy\/lewy Dost\u0119pny w wersji 3,4 i 5 element\u00f3w Parawan dost\u0119pny w wielu wymiarach, nie znalaz\u0142e\u015b wymiaru kt\u00f3rego szukasz? Zadzwo\u0144 do nas lub napisz, przedstawimy ci najlepsz\u0105 ofert\u0119. Seria Eos dzi\u0119ki zastosowaniu du\u017cych tafli szklanych zachwyca swoj\u0105 [&hellip;]<\/p>\n","protected":false},"featured_media":17683,"comment_status":"closed","ping_status":"closed","template":"","meta":[],"product_brand":[],"product_cat":[24,117],"product_tag":[425,475,473],"berocket_brand":[123],"class_list":{"0":"post-17684","1":"product","2":"type-product","3":"status-publish","4":"has-post-thumbnail","6":"product_cat-parawany-nawannowe","7":"product_cat-wieloczesciowe-skladane","8":"product_tag-chrom","9":"product_tag-eos-pnw-4","10":"product_tag-skladane","11":"berocket_brand-radaway","13":"first","14":"instock","15":"sale","16":"shipping-taxable","17":"purchasable","18":"product-type-simple"},"_links":{"self":[{"href":"https:\/\/saloni.pl\/index.php\/wp-json\/wp\/v2\/product\/17684","targetHints":{"allow":["GET"]}}],"collection":[{"href":"https:\/\/saloni.pl\/index.php\/wp-json\/wp\/v2\/product"}],"about":[{"href":"https:\/\/saloni.pl\/index.php\/wp-json\/wp\/v2\/types\/product"}],"replies":[{"embeddable":true,"href":"https:\/\/saloni.pl\/index.php\/wp-json\/wp\/v2\/comments?post=17684"}],"wp:featuredmedia":[{"embeddable":true,"href":"https:\/\/saloni.pl\/index.php\/wp-json\/wp\/v2\/media\/17683"}],"wp:attachment":[{"href":"https:\/\/saloni.pl\/index.php\/wp-json\/wp\/v2\/media?parent=17684"}],"wp:term":[{"taxonomy":"product_brand","embeddable":true,"href":"https:\/\/saloni.pl\/index.php\/wp-json\/wp\/v2\/product_brand?post=17684"},{"taxonomy":"product_cat","embeddable":true,"href":"https:\/\/saloni.pl\/index.php\/wp-json\/wp\/v2\/product_cat?post=17684"},{"taxonomy":"product_tag","embeddable":true,"href":"https:\/\/saloni.pl\/index.php\/wp-json\/wp\/v2\/product_tag?post=17684"},{"taxonomy":"berocket_brand","embeddable":true,"href":"https:\/\/saloni.pl\/index.php\/wp-json\/wp\/v2\/berocket_brand?post=17684"}],"curies":[{"name":"wp","href":"https:\/\/api.w.org\/{rel}","templated":true}]}}