{"id":17452,"date":"2023-01-25T17:46:14","date_gmt":"2023-01-25T16:46:14","guid":{"rendered":"https:\/\/saloni.pl\/?post_type=product&#038;p=17452"},"modified":"2023-02-14T15:49:29","modified_gmt":"2023-02-14T14:49:29","slug":"drzwi-wnekowe-nes-black-dwd-70","status":"publish","type":"product","link":"https:\/\/saloni.pl\/index.php\/produkt\/drzwi-wnekowe-nes-black-dwd-70\/","title":{"rendered":"Drzwi wn\u0119kowe Nes Black DWD 70"},"content":{"rendered":"<h5><span style=\"color: #000000;\">Drzwi wn\u0119kowe Nes Black DWD 70 cm, otwierane na zewn\u0105trz i do wewn\u0105trz kabiny, szk\u0142o przejrzyste z pow\u0142ok\u0105 Easy Clean<\/span><\/h5>\n<p><span style=\"color: #000000;\">Seria <strong>Nes <\/strong>to po\u0142\u0105czenie wysokiej jako\u015bci kabin prysznicowych ze wsp\u00f3\u0142czesnym designem. <\/span><\/p>\n<p><span style=\"color: #000000;\">Ich przestronne wn\u0119trze gwarantuje maksymalny komfort k\u0105pieli. <\/span><\/p>\n<p><span style=\"color: #000000;\">Seria <strong>Nes Black<\/strong> to wsp\u00f3\u0142czesny design i elegancja w po\u0142\u0105czeniu z hipnotyzuj\u0105c\u0105 czerni\u0105. Kabiny z tej serii nadadz\u0105 \u0142azience wyj\u0105tkowy charakter. Czarne linie, kt\u00f3re s\u0105 charakterystyczne dla modeli Frame i Factory, wykonane s\u0105 farb\u0105 ceramiczn\u0105. Dzi\u0119ki zespoleniu zdobienia ze szk\u0142em w procesie hartowania, kabin\u0119 wyr\u00f3\u017cnia trwa\u0142o\u015b\u0107, ponadprzeci\u0119tna jako\u015b\u0107 oraz odporno\u015b\u0107 na \u015bcieranie i promieniowanie UV.<\/span><\/p>\n<p><img loading=\"lazy\" decoding=\"async\" class=\"alignnone size-full wp-image-17443\" src=\"https:\/\/saloni.pl\/wp-content\/uploads\/2023\/01\/NES-DWD-CECHY.jpg\" alt=\"\" width=\"250\" height=\"527\" srcset=\"https:\/\/saloni.pl\/wp-content\/uploads\/2023\/01\/NES-DWD-CECHY.jpg 250w, https:\/\/saloni.pl\/wp-content\/uploads\/2023\/01\/NES-DWD-CECHY-142x300.jpg 142w\" sizes=\"auto, (max-width: 250px) 100vw, 250px\" \/><\/p>\n<p><img loading=\"lazy\" decoding=\"async\" class=\"alignnone size-full wp-image-17313\" src=\"https:\/\/saloni.pl\/wp-content\/uploads\/2023\/01\/NES-DWJ-I-CECHY-1.jpg\" alt=\"\" width=\"452\" height=\"570\" srcset=\"https:\/\/saloni.pl\/wp-content\/uploads\/2023\/01\/NES-DWJ-I-CECHY-1.jpg 452w, https:\/\/saloni.pl\/wp-content\/uploads\/2023\/01\/NES-DWJ-I-CECHY-1-238x300.jpg 238w, https:\/\/saloni.pl\/wp-content\/uploads\/2023\/01\/NES-DWJ-I-CECHY-1-300x378.jpg 300w\" sizes=\"auto, (max-width: 452px) 100vw, 452px\" \/><\/p>\n<p><img loading=\"lazy\" decoding=\"async\" class=\"alignnone size-full wp-image-17314\" src=\"https:\/\/saloni.pl\/wp-content\/uploads\/2023\/01\/NES-DWJ-I-CECHY-2.jpg\" alt=\"\" width=\"460\" height=\"615\" srcset=\"https:\/\/saloni.pl\/wp-content\/uploads\/2023\/01\/NES-DWJ-I-CECHY-2.jpg 460w, https:\/\/saloni.pl\/wp-content\/uploads\/2023\/01\/NES-DWJ-I-CECHY-2-224x300.jpg 224w, https:\/\/saloni.pl\/wp-content\/uploads\/2023\/01\/NES-DWJ-I-CECHY-2-300x401.jpg 300w\" sizes=\"auto, (max-width: 460px) 100vw, 460px\" \/><\/p>\n<p><img loading=\"lazy\" decoding=\"async\" class=\"alignnone size-full wp-image-17444\" src=\"https:\/\/saloni.pl\/wp-content\/uploads\/2023\/01\/NES-DWD-RYS-TECHNICZNY.jpg\" alt=\"\" width=\"759\" height=\"555\" srcset=\"https:\/\/saloni.pl\/wp-content\/uploads\/2023\/01\/NES-DWD-RYS-TECHNICZNY.jpg 759w, https:\/\/saloni.pl\/wp-content\/uploads\/2023\/01\/NES-DWD-RYS-TECHNICZNY-300x219.jpg 300w, https:\/\/saloni.pl\/wp-content\/uploads\/2023\/01\/NES-DWD-RYS-TECHNICZNY-600x439.jpg 600w\" sizes=\"auto, (max-width: 759px) 100vw, 759px\" \/><\/p>\n","protected":false},"excerpt":{"rendered":"<p>Drzwi wn\u0119kowe Nes Black DWD 70 cm, otwierane na zewn\u0105trz i do wewn\u0105trz kabiny, szk\u0142o przejrzyste z pow\u0142ok\u0105 Easy Clean Seria Nes to po\u0142\u0105czenie wysokiej jako\u015bci kabin prysznicowych ze wsp\u00f3\u0142czesnym designem. Ich przestronne wn\u0119trze gwarantuje maksymalny komfort k\u0105pieli. Seria Nes Black to wsp\u00f3\u0142czesny design i elegancja w po\u0142\u0105czeniu z hipnotyzuj\u0105c\u0105 czerni\u0105. Kabiny z tej serii [&hellip;]<\/p>\n","protected":false},"featured_media":17524,"comment_status":"closed","ping_status":"closed","template":"","meta":[],"product_brand":[],"product_cat":[384,20,21,110],"product_tag":[421,400,462,390],"berocket_brand":[123],"class_list":{"0":"post-17452","1":"product","2":"type-product","3":"status-publish","4":"has-post-thumbnail","6":"product_cat-black-wahadlowe","7":"product_cat-drzwi-wnekowe","8":"product_cat-radaway-drzwi-wnekowe","9":"product_cat-wahadlowe","10":"product_tag-black","11":"product_tag-drzwi","12":"product_tag-nes-black-dwd","13":"product_tag-radaway","14":"berocket_brand-radaway","16":"first","17":"onbackorder","18":"sale","19":"shipping-taxable","20":"purchasable","21":"product-type-simple"},"_links":{"self":[{"href":"https:\/\/saloni.pl\/index.php\/wp-json\/wp\/v2\/product\/17452","targetHints":{"allow":["GET"]}}],"collection":[{"href":"https:\/\/saloni.pl\/index.php\/wp-json\/wp\/v2\/product"}],"about":[{"href":"https:\/\/saloni.pl\/index.php\/wp-json\/wp\/v2\/types\/product"}],"replies":[{"embeddable":true,"href":"https:\/\/saloni.pl\/index.php\/wp-json\/wp\/v2\/comments?post=17452"}],"wp:featuredmedia":[{"embeddable":true,"href":"https:\/\/saloni.pl\/index.php\/wp-json\/wp\/v2\/media\/17524"}],"wp:attachment":[{"href":"https:\/\/saloni.pl\/index.php\/wp-json\/wp\/v2\/media?parent=17452"}],"wp:term":[{"taxonomy":"product_brand","embeddable":true,"href":"https:\/\/saloni.pl\/index.php\/wp-json\/wp\/v2\/product_brand?post=17452"},{"taxonomy":"product_cat","embeddable":true,"href":"https:\/\/saloni.pl\/index.php\/wp-json\/wp\/v2\/product_cat?post=17452"},{"taxonomy":"product_tag","embeddable":true,"href":"https:\/\/saloni.pl\/index.php\/wp-json\/wp\/v2\/product_tag?post=17452"},{"taxonomy":"berocket_brand","embeddable":true,"href":"https:\/\/saloni.pl\/index.php\/wp-json\/wp\/v2\/berocket_brand?post=17452"}],"curies":[{"name":"wp","href":"https:\/\/api.w.org\/{rel}","templated":true}]}}

Drzwi wnękowe Nes Black DWD 70

<h5><span style="color: #000000;">Drzwi wnękowe Nes Black DWD 70 cm, otwierane na zewnątrz i do wewnątrz kabiny, szkło przejrzyste z powłoką Easy Clean</span></h5>
<p><span style="color: #000000;">Seria <strong>Nes </strong>to połączenie wysokiej jakości kabin prysznicowych ze współczesnym designem. </span></p>
<p><span style="color: #000000;">Ich przestronne wnętrze gwarantuje maksymalny komfort kąpieli. </span></p>
<p><span style="color: #000000;">Seria <strong>Nes Black</strong> to współczesny design i elegancja w połączeniu z hipnotyzującą czernią. Kabiny z tej serii nadadzą łazience wyjątkowy charakter. Czarne linie, które są charakterystyczne dla modeli Frame i Factory, wykonane są farbą ceramiczną. Dzięki zespoleniu zdobienia ze szkłem w procesie hartowania, kabinę wyróżnia trwałość, ponadprzeciętna jakość oraz odporność na ścieranie i promieniowanie UV.</span></p>
<p><img loading="lazy" decoding="async" class="alignnone size-full wp-image-17443" src="https://saloni.pl/wp-content/uploads/2023/01/NES-DWD-CECHY.jpg" alt="" width="250" height="527" srcset="https://saloni.pl/wp-content/uploads/2023/01/NES-DWD-CECHY.jpg 250w, https://saloni.pl/wp-content/uploads/2023/01/NES-DWD-CECHY-142x300.jpg 142w" sizes="auto, (max-width: 250px) 100vw, 250px" /></p>
<p><img loading="lazy" decoding="async" class="alignnone size-full wp-image-17313" src="https://saloni.pl/wp-content/uploads/2023/01/NES-DWJ-I-CECHY-1.jpg" alt="" width="452" height="570" srcset="https://saloni.pl/wp-content/uploads/2023/01/NES-DWJ-I-CECHY-1.jpg 452w, https://saloni.pl/wp-content/uploads/2023/01/NES-DWJ-I-CECHY-1-238x300.jpg 238w, https://saloni.pl/wp-content/uploads/2023/01/NES-DWJ-I-CECHY-1-300x378.jpg 300w" sizes="auto, (max-width: 452px) 100vw, 452px" /></p>
<p><img loading="lazy" decoding="async" class="alignnone size-full wp-image-17314" src="https://saloni.pl/wp-content/uploads/2023/01/NES-DWJ-I-CECHY-2.jpg" alt="" width="460" height="615" srcset="https://saloni.pl/wp-content/uploads/2023/01/NES-DWJ-I-CECHY-2.jpg 460w, https://saloni.pl/wp-content/uploads/2023/01/NES-DWJ-I-CECHY-2-224x300.jpg 224w, https://saloni.pl/wp-content/uploads/2023/01/NES-DWJ-I-CECHY-2-300x401.jpg 300w" sizes="auto, (max-width: 460px) 100vw, 460px" /></p>
<p><img loading="lazy" decoding="async" class="alignnone size-full wp-image-17444" src="https://saloni.pl/wp-content/uploads/2023/01/NES-DWD-RYS-TECHNICZNY.jpg" alt="" width="759" height="555" srcset="https://saloni.pl/wp-content/uploads/2023/01/NES-DWD-RYS-TECHNICZNY.jpg 759w, https://saloni.pl/wp-content/uploads/2023/01/NES-DWD-RYS-TECHNICZNY-300x219.jpg 300w, https://saloni.pl/wp-content/uploads/2023/01/NES-DWD-RYS-TECHNICZNY-600x439.jpg 600w" sizes="auto, (max-width: 759px) 100vw, 759px" /></p>

<p>Drzwi wnękowe Nes Black DWD 70 cm, otwierane na zewnątrz i do wewnątrz kabiny, szkło przejrzyste z powłoką Easy Clean Seria Nes to połączenie wysokiej jakości kabin prysznicowych ze współczesnym designem. Ich przestronne wnętrze gwarantuje maksymalny komfort kąpieli. Seria Nes Black to współczesny design i elegancja w połączeniu z hipnotyzującą czernią. Kabiny z tej serii [&hellip;]</p>
