{"id":17302,"date":"2023-01-05T16:01:22","date_gmt":"2023-01-05T15:01:22","guid":{"rendered":"https:\/\/saloni.pl\/?post_type=product&#038;p=17302"},"modified":"2023-01-05T16:02:29","modified_gmt":"2023-01-05T15:02:29","slug":"parawan-nes-black-pnd-i-120-lewy","status":"publish","type":"product","link":"https:\/\/saloni.pl\/index.php\/produkt\/parawan-nes-black-pnd-i-120-lewy\/","title":{"rendered":"Parawan Nes Black PND I 120 lewy"},"content":{"rendered":"<h5><span style=\"color: #000000;\">Parawan Nes Black PND I 120 cm, lewy, wersja black, szk\u0142o przejrzyste z pow\u0142ok\u0105 Easy Clean<\/span><\/h5>\n<h5><\/h5>\n<h5><strong>Parawan dost\u0119pny w wielu wymiarach, nie znalaz\u0142e\u015b wymiaru kt\u00f3rego szukasz?<\/strong><\/h5>\n<div class=\"option-content\">\n<p><strong>Zadzwo\u0144 do nas lub napisz, przedstawimy ci najlepsz\u0105 ofert\u0119.<\/strong><\/p>\n<p>Seria <strong>Nes Black<\/strong> to wsp\u00f3\u0142czesny design i elegancja w po\u0142\u0105czeniu z hipnotyzuj\u0105c\u0105 czerni\u0105. Kabiny z tej serii nadadz\u0105 \u0142azience wyj\u0105tkowy charakter. Czarne linie, kt\u00f3re s\u0105 charakterystyczne dla modeli Frame i Factory, wykonane s\u0105 farb\u0105 ceramiczn\u0105. Dzi\u0119ki zespoleniu zdobienia ze szk\u0142em w procesie hartowania, kabin\u0119 wyr\u00f3\u017cnia trwa\u0142o\u015b\u0107, ponadprzeci\u0119tna jako\u015b\u0107 oraz odporno\u015b\u0107 na \u015bcieranie i promieniowanie UV.<\/p>\n<p><img loading=\"lazy\" decoding=\"async\" class=\"alignnone size-full wp-image-17275\" src=\"https:\/\/saloni.pl\/wp-content\/uploads\/2023\/01\/NES-PND-I-CECHY-LEWY.jpg\" alt=\"\" width=\"300\" height=\"584\" srcset=\"https:\/\/saloni.pl\/wp-content\/uploads\/2023\/01\/NES-PND-I-CECHY-LEWY.jpg 300w, https:\/\/saloni.pl\/wp-content\/uploads\/2023\/01\/NES-PND-I-CECHY-LEWY-154x300.jpg 154w\" sizes=\"auto, (max-width: 300px) 100vw, 300px\" \/><\/p>\n<p><img loading=\"lazy\" decoding=\"async\" class=\"alignnone size-full wp-image-17234\" src=\"https:\/\/saloni.pl\/wp-content\/uploads\/2023\/01\/NES-PNJ-I-CECHY-1.jpg\" alt=\"\" width=\"536\" height=\"414\" srcset=\"https:\/\/saloni.pl\/wp-content\/uploads\/2023\/01\/NES-PNJ-I-CECHY-1.jpg 536w, https:\/\/saloni.pl\/wp-content\/uploads\/2023\/01\/NES-PNJ-I-CECHY-1-300x232.jpg 300w\" sizes=\"auto, (max-width: 536px) 100vw, 536px\" \/><\/p>\n<p><img loading=\"lazy\" decoding=\"async\" class=\"alignnone size-full wp-image-17235\" src=\"https:\/\/saloni.pl\/wp-content\/uploads\/2023\/01\/NES-PNJ-I-CECHY-2.jpg\" alt=\"\" width=\"571\" height=\"271\" srcset=\"https:\/\/saloni.pl\/wp-content\/uploads\/2023\/01\/NES-PNJ-I-CECHY-2.jpg 571w, https:\/\/saloni.pl\/wp-content\/uploads\/2023\/01\/NES-PNJ-I-CECHY-2-300x142.jpg 300w\" sizes=\"auto, (max-width: 571px) 100vw, 571px\" \/><\/p>\n<p><img loading=\"lazy\" decoding=\"async\" class=\"alignnone size-full wp-image-17281\" src=\"https:\/\/saloni.pl\/wp-content\/uploads\/2023\/01\/NES-PND-I-CECHY-3.jpg\" alt=\"\" width=\"548\" height=\"349\" srcset=\"https:\/\/saloni.pl\/wp-content\/uploads\/2023\/01\/NES-PND-I-CECHY-3.jpg 548w, https:\/\/saloni.pl\/wp-content\/uploads\/2023\/01\/NES-PND-I-CECHY-3-300x191.jpg 300w\" sizes=\"auto, (max-width: 548px) 100vw, 548px\" \/><\/p>\n<p><img loading=\"lazy\" decoding=\"async\" class=\"alignnone size-full wp-image-17282\" src=\"https:\/\/saloni.pl\/wp-content\/uploads\/2023\/01\/NES-PND-I-RYS-TECHN.jpg\" alt=\"\" width=\"745\" height=\"731\" srcset=\"https:\/\/saloni.pl\/wp-content\/uploads\/2023\/01\/NES-PND-I-RYS-TECHN.jpg 745w, https:\/\/saloni.pl\/wp-content\/uploads\/2023\/01\/NES-PND-I-RYS-TECHN-300x294.jpg 300w, https:\/\/saloni.pl\/wp-content\/uploads\/2023\/01\/NES-PND-I-RYS-TECHN-600x589.jpg 600w, https:\/\/saloni.pl\/wp-content\/uploads\/2023\/01\/NES-PND-I-RYS-TECHN-50x50.jpg 50w\" sizes=\"auto, (max-width: 745px) 100vw, 745px\" \/><\/p>\n<\/div>\n","protected":false},"excerpt":{"rendered":"<p>Parawan Nes Black PND I 120 cm, lewy, wersja black, szk\u0142o przejrzyste z pow\u0142ok\u0105 Easy Clean Parawan dost\u0119pny w wielu wymiarach, nie znalaz\u0142e\u015b wymiaru kt\u00f3rego szukasz? Zadzwo\u0144 do nas lub napisz, przedstawimy ci najlepsz\u0105 ofert\u0119. Seria Nes Black to wsp\u00f3\u0142czesny design i elegancja w po\u0142\u0105czeniu z hipnotyzuj\u0105c\u0105 czerni\u0105. Kabiny z tej serii nadadz\u0105 \u0142azience wyj\u0105tkowy [&hellip;]<\/p>\n","protected":false},"featured_media":17298,"comment_status":"closed","ping_status":"closed","template":"","meta":[],"product_brand":[],"product_cat":[449,24],"product_tag":[421,450,443],"berocket_brand":[123],"class_list":{"0":"post-17302","1":"product","2":"type-product","3":"status-publish","4":"has-post-thumbnail","6":"product_cat-dwuczesciowe-skladane","7":"product_cat-parawany-nawannowe","8":"product_tag-black","9":"product_tag-nes-black-pnd-i","10":"product_tag-parawan","11":"berocket_brand-radaway","13":"first","14":"instock","15":"sale","16":"shipping-taxable","17":"purchasable","18":"product-type-simple"},"_links":{"self":[{"href":"https:\/\/saloni.pl\/index.php\/wp-json\/wp\/v2\/product\/17302","targetHints":{"allow":["GET"]}}],"collection":[{"href":"https:\/\/saloni.pl\/index.php\/wp-json\/wp\/v2\/product"}],"about":[{"href":"https:\/\/saloni.pl\/index.php\/wp-json\/wp\/v2\/types\/product"}],"replies":[{"embeddable":true,"href":"https:\/\/saloni.pl\/index.php\/wp-json\/wp\/v2\/comments?post=17302"}],"wp:featuredmedia":[{"embeddable":true,"href":"https:\/\/saloni.pl\/index.php\/wp-json\/wp\/v2\/media\/17298"}],"wp:attachment":[{"href":"https:\/\/saloni.pl\/index.php\/wp-json\/wp\/v2\/media?parent=17302"}],"wp:term":[{"taxonomy":"product_brand","embeddable":true,"href":"https:\/\/saloni.pl\/index.php\/wp-json\/wp\/v2\/product_brand?post=17302"},{"taxonomy":"product_cat","embeddable":true,"href":"https:\/\/saloni.pl\/index.php\/wp-json\/wp\/v2\/product_cat?post=17302"},{"taxonomy":"product_tag","embeddable":true,"href":"https:\/\/saloni.pl\/index.php\/wp-json\/wp\/v2\/product_tag?post=17302"},{"taxonomy":"berocket_brand","embeddable":true,"href":"https:\/\/saloni.pl\/index.php\/wp-json\/wp\/v2\/berocket_brand?post=17302"}],"curies":[{"name":"wp","href":"https:\/\/api.w.org\/{rel}","templated":true}]}}