{"id":17136,"date":"2022-12-21T14:10:40","date_gmt":"2022-12-21T13:10:40","guid":{"rendered":"https:\/\/saloni.pl\/?post_type=product&#038;p=17136"},"modified":"2022-12-21T14:12:01","modified_gmt":"2022-12-21T13:12:01","slug":"kabina-walk-in-modo-new-white-ii-110","status":"publish","type":"product","link":"https:\/\/saloni.pl\/index.php\/produkt\/kabina-walk-in-modo-new-white-ii-110\/","title":{"rendered":"Kabina Walk-in Modo New White II 110"},"content":{"rendered":"<h5><span style=\"color: #000000;\">Kabina Walk-in Modo New White II 110 cm, wersja White, szk\u0142o przejrzyste z pow\u0142ok\u0105 Easy Clean<\/span><\/h5>\n<h5><\/h5>\n<h5><strong>Kabina dost\u0119pna w wielu wymiarach, nie znalaz\u0142e\u015b wymiaru kt\u00f3rego szukasz?<\/strong><\/h5>\n<div class=\"option-content\">\n<p><strong>Zadzwo\u0144 do nas lub napisz, przedstawimy ci najlepsz\u0105 ofert\u0119.<\/strong><\/p>\n<p>Kabiny typu Walk-in to nowa jako\u015b\u0107 w naszych \u0142azienkach, kt\u00f3ra ka\u017cd\u0105 zmieni w modne, designerskie pomieszczenie z klas\u0105! Rozwi\u0105zanie to cieszy si\u0119 w ostatnim czasie coraz wi\u0119ksz\u0105 popularno\u015bci\u0105. System polega na wydzieleniu przestrzeni taflami bezpiecznego szk\u0142a i wspornik\u00f3w.<\/p>\n<p>Seria Modo New jest uciele\u015bnieniem prostoty i funkcjonalno\u015bci, jak\u0105 oferuj\u0105 kabiny Walk-in. <strong>Modo New White II<\/strong> to model, kt\u00f3ry sprawdzi si\u0119 w ka\u017cdej \u0142azience \u2013 ma\u0142ej i du\u017cej. Bia\u0142e elementy delikatnie podkre\u015bl\u0105 aran\u017cacj\u0119 wn\u0119trza i sprawi\u0105, \u017ce kabina prysznicowa b\u0119dzie jego subteln\u0105 ozdob\u0105.<\/p>\n<p>Kabiny Walk-in najbardziej urzekaj\u0105 swoim pi\u0119knem gdy s\u0105 zamontowane na brodziku zlicowanym z poziomem pod\u0142ogi lub brodziku podp\u0142ytkowym.<\/p>\n<p>&nbsp;<\/p>\n<p><img loading=\"lazy\" decoding=\"async\" class=\"alignnone size-full wp-image-17105\" src=\"https:\/\/saloni.pl\/wp-content\/uploads\/2022\/12\/MODE-CECHY-3.jpg\" alt=\"\" width=\"350\" height=\"601\" srcset=\"https:\/\/saloni.pl\/wp-content\/uploads\/2022\/12\/MODE-CECHY-3.jpg 350w, https:\/\/saloni.pl\/wp-content\/uploads\/2022\/12\/MODE-CECHY-3-175x300.jpg 175w, https:\/\/saloni.pl\/wp-content\/uploads\/2022\/12\/MODE-CECHY-3-300x515.jpg 300w\" sizes=\"auto, (max-width: 350px) 100vw, 350px\" \/><\/p>\n<p><img loading=\"lazy\" decoding=\"async\" class=\"alignnone size-full wp-image-17103\" src=\"https:\/\/saloni.pl\/wp-content\/uploads\/2022\/12\/MODE-CECHY-1.jpg\" alt=\"\" width=\"600\" height=\"688\" srcset=\"https:\/\/saloni.pl\/wp-content\/uploads\/2022\/12\/MODE-CECHY-1.jpg 600w, https:\/\/saloni.pl\/wp-content\/uploads\/2022\/12\/MODE-CECHY-1-262x300.jpg 262w, https:\/\/saloni.pl\/wp-content\/uploads\/2022\/12\/MODE-CECHY-1-300x344.jpg 300w\" sizes=\"auto, (max-width: 600px) 100vw, 600px\" \/><\/p>\n<p><img loading=\"lazy\" decoding=\"async\" class=\"alignnone size-full wp-image-17115\" src=\"https:\/\/saloni.pl\/wp-content\/uploads\/2022\/12\/MODE-CECHY-4.jpg\" alt=\"\" width=\"600\" height=\"485\" srcset=\"https:\/\/saloni.pl\/wp-content\/uploads\/2022\/12\/MODE-CECHY-4.jpg 600w, https:\/\/saloni.pl\/wp-content\/uploads\/2022\/12\/MODE-CECHY-4-300x243.jpg 300w\" sizes=\"auto, (max-width: 600px) 100vw, 600px\" \/><\/p>\n<p><img loading=\"lazy\" decoding=\"async\" class=\"alignnone size-full wp-image-17104\" src=\"https:\/\/saloni.pl\/wp-content\/uploads\/2022\/12\/MODE-CECHY-2.jpg\" alt=\"\" width=\"600\" height=\"150\" srcset=\"https:\/\/saloni.pl\/wp-content\/uploads\/2022\/12\/MODE-CECHY-2.jpg 600w, https:\/\/saloni.pl\/wp-content\/uploads\/2022\/12\/MODE-CECHY-2-300x75.jpg 300w\" sizes=\"auto, (max-width: 600px) 100vw, 600px\" \/><\/p>\n<p><img loading=\"lazy\" decoding=\"async\" class=\"alignnone size-full wp-image-17106\" src=\"https:\/\/saloni.pl\/wp-content\/uploads\/2022\/12\/MODO-NEW-RYS-TECHN.jpg\" alt=\"\" width=\"600\" height=\"700\" srcset=\"https:\/\/saloni.pl\/wp-content\/uploads\/2022\/12\/MODO-NEW-RYS-TECHN.jpg 600w, https:\/\/saloni.pl\/wp-content\/uploads\/2022\/12\/MODO-NEW-RYS-TECHN-257x300.jpg 257w, https:\/\/saloni.pl\/wp-content\/uploads\/2022\/12\/MODO-NEW-RYS-TECHN-300x350.jpg 300w\" sizes=\"auto, (max-width: 600px) 100vw, 600px\" \/><\/p>\n<p>&nbsp;<\/p>\n<\/div>\n","protected":false},"excerpt":{"rendered":"<p>Kabina Walk-in Modo New White II 110 cm, wersja White, szk\u0142o przejrzyste z pow\u0142ok\u0105 Easy Clean Kabina dost\u0119pna w wielu wymiarach, nie znalaz\u0142e\u015b wymiaru kt\u00f3rego szukasz? Zadzwo\u0144 do nas lub napisz, przedstawimy ci najlepsz\u0105 ofert\u0119. Kabiny typu Walk-in to nowa jako\u015b\u0107 w naszych \u0142azienkach, kt\u00f3ra ka\u017cd\u0105 zmieni w modne, designerskie pomieszczenie z klas\u0105! Rozwi\u0105zanie to [&hellip;]<\/p>\n","protected":false},"featured_media":17133,"comment_status":"closed","ping_status":"closed","template":"","meta":[],"product_brand":[],"product_cat":[133,222],"product_tag":[438,433,437],"berocket_brand":[123],"class_list":{"0":"post-17136","1":"product","2":"type-product","3":"status-publish","4":"has-post-thumbnail","6":"product_cat-walk-in-jednoczesiowe","7":"product_cat-white-walk-in-jednoczesiowe","8":"product_tag-modo-new-white-ii","9":"product_tag-walk-in","10":"product_tag-white","11":"berocket_brand-radaway","13":"first","14":"onbackorder","15":"sale","16":"shipping-taxable","17":"purchasable","18":"product-type-simple"},"_links":{"self":[{"href":"https:\/\/saloni.pl\/index.php\/wp-json\/wp\/v2\/product\/17136","targetHints":{"allow":["GET"]}}],"collection":[{"href":"https:\/\/saloni.pl\/index.php\/wp-json\/wp\/v2\/product"}],"about":[{"href":"https:\/\/saloni.pl\/index.php\/wp-json\/wp\/v2\/types\/product"}],"replies":[{"embeddable":true,"href":"https:\/\/saloni.pl\/index.php\/wp-json\/wp\/v2\/comments?post=17136"}],"wp:featuredmedia":[{"embeddable":true,"href":"https:\/\/saloni.pl\/index.php\/wp-json\/wp\/v2\/media\/17133"}],"wp:attachment":[{"href":"https:\/\/saloni.pl\/index.php\/wp-json\/wp\/v2\/media?parent=17136"}],"wp:term":[{"taxonomy":"product_brand","embeddable":true,"href":"https:\/\/saloni.pl\/index.php\/wp-json\/wp\/v2\/product_brand?post=17136"},{"taxonomy":"product_cat","embeddable":true,"href":"https:\/\/saloni.pl\/index.php\/wp-json\/wp\/v2\/product_cat?post=17136"},{"taxonomy":"product_tag","embeddable":true,"href":"https:\/\/saloni.pl\/index.php\/wp-json\/wp\/v2\/product_tag?post=17136"},{"taxonomy":"berocket_brand","embeddable":true,"href":"https:\/\/saloni.pl\/index.php\/wp-json\/wp\/v2\/berocket_brand?post=17136"}],"curies":[{"name":"wp","href":"https:\/\/api.w.org\/{rel}","templated":true}]}}

<h5><span style="color: #000000;">Kabina Walk-in Modo New White II 110 cm, wersja White, szkło przejrzyste z powłoką Easy Clean</span></h5>
<h5></h5>
<h5><strong>Kabina dostępna w wielu wymiarach, nie znalazłeś wymiaru którego szukasz?</strong></h5>
<div class="option-content">
<p><strong>Zadzwoń do nas lub napisz, przedstawimy ci najlepszą ofertę.</strong></p>
<p>Kabiny typu Walk-in to nowa jakość w naszych łazienkach, która każdą zmieni w modne, designerskie pomieszczenie z klasą! Rozwiązanie to cieszy się w ostatnim czasie coraz większą popularnością. System polega na wydzieleniu przestrzeni taflami bezpiecznego szkła i wsporników.</p>
<p>Seria Modo New jest ucieleśnieniem prostoty i funkcjonalności, jaką oferują kabiny Walk-in. <strong>Modo New White II</strong> to model, który sprawdzi się w każdej łazience – małej i dużej. Białe elementy delikatnie podkreślą aranżację wnętrza i sprawią, że kabina prysznicowa będzie jego subtelną ozdobą.</p>
<p>Kabiny Walk-in najbardziej urzekają swoim pięknem gdy są zamontowane na brodziku zlicowanym z poziomem podłogi lub brodziku podpłytkowym.</p>
<p>&nbsp;</p>
<p><img loading="lazy" decoding="async" class="alignnone size-full wp-image-17105" src="https://saloni.pl/wp-content/uploads/2022/12/MODE-CECHY-3.jpg" alt="" width="350" height="601" srcset="https://saloni.pl/wp-content/uploads/2022/12/MODE-CECHY-3.jpg 350w, https://saloni.pl/wp-content/uploads/2022/12/MODE-CECHY-3-175x300.jpg 175w, https://saloni.pl/wp-content/uploads/2022/12/MODE-CECHY-3-300x515.jpg 300w" sizes="auto, (max-width: 350px) 100vw, 350px" /></p>
<p><img loading="lazy" decoding="async" class="alignnone size-full wp-image-17103" src="https://saloni.pl/wp-content/uploads/2022/12/MODE-CECHY-1.jpg" alt="" width="600" height="688" srcset="https://saloni.pl/wp-content/uploads/2022/12/MODE-CECHY-1.jpg 600w, https://saloni.pl/wp-content/uploads/2022/12/MODE-CECHY-1-262x300.jpg 262w, https://saloni.pl/wp-content/uploads/2022/12/MODE-CECHY-1-300x344.jpg 300w" sizes="auto, (max-width: 600px) 100vw, 600px" /></p>
<p><img loading="lazy" decoding="async" class="alignnone size-full wp-image-17115" src="https://saloni.pl/wp-content/uploads/2022/12/MODE-CECHY-4.jpg" alt="" width="600" height="485" srcset="https://saloni.pl/wp-content/uploads/2022/12/MODE-CECHY-4.jpg 600w, https://saloni.pl/wp-content/uploads/2022/12/MODE-CECHY-4-300x243.jpg 300w" sizes="auto, (max-width: 600px) 100vw, 600px" /></p>
<p><img loading="lazy" decoding="async" class="alignnone size-full wp-image-17104" src="https://saloni.pl/wp-content/uploads/2022/12/MODE-CECHY-2.jpg" alt="" width="600" height="150" srcset="https://saloni.pl/wp-content/uploads/2022/12/MODE-CECHY-2.jpg 600w, https://saloni.pl/wp-content/uploads/2022/12/MODE-CECHY-2-300x75.jpg 300w" sizes="auto, (max-width: 600px) 100vw, 600px" /></p>
<p><img loading="lazy" decoding="async" class="alignnone size-full wp-image-17106" src="https://saloni.pl/wp-content/uploads/2022/12/MODO-NEW-RYS-TECHN.jpg" alt="" width="600" height="700" srcset="https://saloni.pl/wp-content/uploads/2022/12/MODO-NEW-RYS-TECHN.jpg 600w, https://saloni.pl/wp-content/uploads/2022/12/MODO-NEW-RYS-TECHN-257x300.jpg 257w, https://saloni.pl/wp-content/uploads/2022/12/MODO-NEW-RYS-TECHN-300x350.jpg 300w" sizes="auto, (max-width: 600px) 100vw, 600px" /></p>
<p>&nbsp;</p>
</div>

<p>Kabina Walk-in Modo New White II 110 cm, wersja White, szkło przejrzyste z powłoką Easy Clean Kabina dostępna w wielu wymiarach, nie znalazłeś wymiaru którego szukasz? Zadzwoń do nas lub napisz, przedstawimy ci najlepszą ofertę. Kabiny typu Walk-in to nowa jakość w naszych łazienkach, która każdą zmieni w modne, designerskie pomieszczenie z klasą! Rozwiązanie to [&hellip;]</p>
