{"id":17096,"date":"2022-12-14T18:48:23","date_gmt":"2022-12-14T17:48:23","guid":{"rendered":"https:\/\/saloni.pl\/?post_type=product&#038;p=17096"},"modified":"2022-12-14T18:49:17","modified_gmt":"2022-12-14T17:49:17","slug":"drzwi-wnekowe-idea-gold-dwd-170","status":"publish","type":"product","link":"https:\/\/saloni.pl\/index.php\/produkt\/drzwi-wnekowe-idea-gold-dwd-170\/","title":{"rendered":"Drzwi wn\u0119kowe Idea Gold DWD 170"},"content":{"rendered":"<h5><span style=\"color: #000000;\">Drzwi prysznicowe Idea Gold DWD 170 cm z podw\u00f3jnymi drzwiami przesuwnymi, wersja Gold, szk\u0142o przejrzyste z pow\u0142ok\u0105 Easy Clean<\/span><\/h5>\n<h5><\/h5>\n<h5><strong>Drzwi dost\u0119pne w wielu wymiarach, nie znalaz\u0142e\u015b wymiaru kt\u00f3rego szukasz?<\/strong><\/h5>\n<div class=\"option-content\">\n<p><strong>Zadzwo\u0144 do nas lub napisz, przedstawimy ci najlepsz\u0105 ofert\u0119.<\/strong><\/p>\n<p>Drzwi Idea to wynik designerskiego po\u0142\u0105czenia szk\u0142a z eleganckimi chromowanymi detalami \u2013 doskonale sprawdz\u0105 si\u0119 we wn\u0119trzu o minimalistycznym stylu , ale r\u00f3wnie harmonijnie b\u0119d\u0105 wsp\u00f3\u0142gra\u0107 ze stylem klasycznym. S\u0105 to drzwi dla os\u00f3b ceni\u0105cych dobry design, kt\u00f3re preferuj\u0105 geometryczne formy sk\u0142adaj\u0105ce si\u0119 w proporcjonaln\u0105 ca\u0142o\u015b\u0107.<\/p>\n<p>Kabiny <strong>Idea Gold<\/strong> to wyrazista seria charakteryzuj\u0105ca si\u0119 geometrycznymi formami sk\u0142adaj\u0105cymi si\u0119 w proporcjonaln\u0105 ca\u0142o\u015b\u0107. Z\u0142ote detale wnosz\u0105 elegancj\u0119 do aran\u017cacji buduj\u0105c wyj\u0105tkowy klimat wn\u0119trza. Seria Idea Gold to efektowne i wyszukane produkty, kt\u00f3re przypadn\u0105 do gustu osobom lubi\u0105cym nietuzinkowe i awangardowe rozwi\u0105zania.<\/p>\n<p><img loading=\"lazy\" decoding=\"async\" class=\"alignnone size-full wp-image-17077\" src=\"https:\/\/saloni.pl\/wp-content\/uploads\/2022\/12\/IDEA-DWD-CECHY.jpg\" alt=\"\" width=\"350\" height=\"288\" srcset=\"https:\/\/saloni.pl\/wp-content\/uploads\/2022\/12\/IDEA-DWD-CECHY.jpg 350w, https:\/\/saloni.pl\/wp-content\/uploads\/2022\/12\/IDEA-DWD-CECHY-300x247.jpg 300w\" sizes=\"auto, (max-width: 350px) 100vw, 350px\" \/><\/p>\n<p><img loading=\"lazy\" decoding=\"async\" class=\"alignnone size-full wp-image-11375\" src=\"https:\/\/saloni.pl\/wp-content\/uploads\/2022\/07\/IDEA-CECHY-2.jpg\" alt=\"\" width=\"704\" height=\"499\" srcset=\"https:\/\/saloni.pl\/wp-content\/uploads\/2022\/07\/IDEA-CECHY-2.jpg 704w, https:\/\/saloni.pl\/wp-content\/uploads\/2022\/07\/IDEA-CECHY-2-300x213.jpg 300w, https:\/\/saloni.pl\/wp-content\/uploads\/2022\/07\/IDEA-CECHY-2-600x425.jpg 600w\" sizes=\"auto, (max-width: 704px) 100vw, 704px\" \/><\/p>\n<p><img loading=\"lazy\" decoding=\"async\" class=\"alignnone size-full wp-image-11382\" src=\"https:\/\/saloni.pl\/wp-content\/uploads\/2022\/07\/IDEA-CECHY-31.jpg\" alt=\"\" width=\"706\" height=\"394\" srcset=\"https:\/\/saloni.pl\/wp-content\/uploads\/2022\/07\/IDEA-CECHY-31.jpg 706w, https:\/\/saloni.pl\/wp-content\/uploads\/2022\/07\/IDEA-CECHY-31-300x167.jpg 300w, https:\/\/saloni.pl\/wp-content\/uploads\/2022\/07\/IDEA-CECHY-31-600x335.jpg 600w\" sizes=\"auto, (max-width: 706px) 100vw, 706px\" \/><\/p>\n<p><img loading=\"lazy\" decoding=\"async\" class=\"alignnone size-full wp-image-16987\" src=\"https:\/\/saloni.pl\/wp-content\/uploads\/2022\/12\/IDEA_KDD-CECHY2.jpg\" alt=\"\" width=\"528\" height=\"273\" srcset=\"https:\/\/saloni.pl\/wp-content\/uploads\/2022\/12\/IDEA_KDD-CECHY2.jpg 528w, https:\/\/saloni.pl\/wp-content\/uploads\/2022\/12\/IDEA_KDD-CECHY2-300x155.jpg 300w\" sizes=\"auto, (max-width: 528px) 100vw, 528px\" \/><\/p>\n<p><img loading=\"lazy\" decoding=\"async\" class=\"alignnone size-full wp-image-17078\" src=\"https:\/\/saloni.pl\/wp-content\/uploads\/2022\/12\/IDEA-DWD-RYS-TECHN.jpg\" alt=\"\" width=\"744\" height=\"722\" srcset=\"https:\/\/saloni.pl\/wp-content\/uploads\/2022\/12\/IDEA-DWD-RYS-TECHN.jpg 744w, https:\/\/saloni.pl\/wp-content\/uploads\/2022\/12\/IDEA-DWD-RYS-TECHN-300x291.jpg 300w, https:\/\/saloni.pl\/wp-content\/uploads\/2022\/12\/IDEA-DWD-RYS-TECHN-600x582.jpg 600w, https:\/\/saloni.pl\/wp-content\/uploads\/2022\/12\/IDEA-DWD-RYS-TECHN-50x50.jpg 50w\" sizes=\"auto, (max-width: 744px) 100vw, 744px\" \/><\/p>\n<p>&nbsp;<\/p>\n<\/div>\n","protected":false},"excerpt":{"rendered":"<p>Drzwi prysznicowe Idea Gold DWD 170 cm z podw\u00f3jnymi drzwiami przesuwnymi, wersja Gold, szk\u0142o przejrzyste z pow\u0142ok\u0105 Easy Clean Drzwi dost\u0119pne w wielu wymiarach, nie znalaz\u0142e\u015b wymiaru kt\u00f3rego szukasz? Zadzwo\u0144 do nas lub napisz, przedstawimy ci najlepsz\u0105 ofert\u0119. Drzwi Idea to wynik designerskiego po\u0142\u0105czenia szk\u0142a z eleganckimi chromowanymi detalami \u2013 doskonale sprawdz\u0105 si\u0119 we wn\u0119trzu [&hellip;]<\/p>\n","protected":false},"featured_media":17094,"comment_status":"closed","ping_status":"closed","template":"","meta":[],"product_brand":[],"product_cat":[20,377,111],"product_tag":[422,432,429,423],"berocket_brand":[123],"class_list":{"0":"post-17096","1":"product","2":"type-product","3":"status-publish","4":"has-post-thumbnail","6":"product_cat-drzwi-wnekowe","7":"product_cat-gold-przesuwne","8":"product_cat-przesuwne","9":"product_tag-gold","10":"product_tag-idea-gold-dwj","11":"product_tag-przesuwne","12":"product_tag-zlota","13":"berocket_brand-radaway","15":"first","16":"instock","17":"sale","18":"shipping-taxable","19":"purchasable","20":"product-type-simple"},"_links":{"self":[{"href":"https:\/\/saloni.pl\/index.php\/wp-json\/wp\/v2\/product\/17096","targetHints":{"allow":["GET"]}}],"collection":[{"href":"https:\/\/saloni.pl\/index.php\/wp-json\/wp\/v2\/product"}],"about":[{"href":"https:\/\/saloni.pl\/index.php\/wp-json\/wp\/v2\/types\/product"}],"replies":[{"embeddable":true,"href":"https:\/\/saloni.pl\/index.php\/wp-json\/wp\/v2\/comments?post=17096"}],"wp:featuredmedia":[{"embeddable":true,"href":"https:\/\/saloni.pl\/index.php\/wp-json\/wp\/v2\/media\/17094"}],"wp:attachment":[{"href":"https:\/\/saloni.pl\/index.php\/wp-json\/wp\/v2\/media?parent=17096"}],"wp:term":[{"taxonomy":"product_brand","embeddable":true,"href":"https:\/\/saloni.pl\/index.php\/wp-json\/wp\/v2\/product_brand?post=17096"},{"taxonomy":"product_cat","embeddable":true,"href":"https:\/\/saloni.pl\/index.php\/wp-json\/wp\/v2\/product_cat?post=17096"},{"taxonomy":"product_tag","embeddable":true,"href":"https:\/\/saloni.pl\/index.php\/wp-json\/wp\/v2\/product_tag?post=17096"},{"taxonomy":"berocket_brand","embeddable":true,"href":"https:\/\/saloni.pl\/index.php\/wp-json\/wp\/v2\/berocket_brand?post=17096"}],"curies":[{"name":"wp","href":"https:\/\/api.w.org\/{rel}","templated":true}]}}