{"id":17054,"date":"2022-12-13T18:41:34","date_gmt":"2022-12-13T17:41:34","guid":{"rendered":"https:\/\/saloni.pl\/?post_type=product&#038;p=17054"},"modified":"2022-12-13T18:42:22","modified_gmt":"2022-12-13T17:42:22","slug":"drzwi-wnekowe-idea-black-dwj-140-prawe","status":"publish","type":"product","link":"https:\/\/saloni.pl\/index.php\/produkt\/drzwi-wnekowe-idea-black-dwj-140-prawe\/","title":{"rendered":"Drzwi wn\u0119kowe Idea Black DWJ 140 prawe"},"content":{"rendered":"<h5><span style=\"color: #000000;\">Drzwi prysznicowe Idea Black DWJ 140 cm z pojedynczymi drzwiami przesuwnymi, wersja black, szk\u0142o przejrzyste z pow\u0142ok\u0105 Easy Clean<\/span><\/h5>\n<h5><\/h5>\n<h5><strong>Drzwi dost\u0119pne w wielu wymiarach, nie znalaz\u0142e\u015b wymiaru kt\u00f3rego szukasz?<\/strong><\/h5>\n<div class=\"option-content\">\n<p><strong>Zadzwo\u0144 do nas lub napisz, przedstawimy ci najlepsz\u0105 ofert\u0119.<\/strong><\/p>\n<p>Drzwi Idea to wynik designerskiego po\u0142\u0105czenia szk\u0142a z eleganckimi chromowanymi detalami \u2013 doskonale sprawdz\u0105 si\u0119 we wn\u0119trzu o minimalistycznym stylu , ale r\u00f3wnie harmonijnie b\u0119d\u0105 wsp\u00f3\u0142gra\u0107 ze stylem klasycznym. S\u0105 to drzwi dla os\u00f3b ceni\u0105cych dobry design, kt\u00f3re preferuj\u0105 geometryczne formy sk\u0142adaj\u0105ce si\u0119 w proporcjonaln\u0105 ca\u0142o\u015b\u0107.<\/p>\n<p>Kolor czarny \u015bwietnie prezentuje si\u0119 we wn\u0119trzach \u2013 szczeg\u00f3lnie takich, kt\u00f3re urz\u0105dzone s\u0105 w postindustrialnym, nowoczesnym lub loftowym duchu.<\/p>\n<p>Seria <strong>Idea Black<\/strong> to efektowne i wyszukane rozwi\u0105zania do ka\u017cdej \u0142azienki, kt\u00f3re przypadn\u0105 do gustu osobom lubi\u0105cym nietuzinkowe i awangardowe rozwi\u0105zania.<\/p>\n<p><img loading=\"lazy\" decoding=\"async\" class=\"alignnone size-full wp-image-17016\" src=\"https:\/\/saloni.pl\/wp-content\/uploads\/2022\/12\/IDEA_DWJ-CECHY-PRAWE.jpg\" alt=\"\" width=\"300\" height=\"302\" srcset=\"https:\/\/saloni.pl\/wp-content\/uploads\/2022\/12\/IDEA_DWJ-CECHY-PRAWE.jpg 300w, https:\/\/saloni.pl\/wp-content\/uploads\/2022\/12\/IDEA_DWJ-CECHY-PRAWE-298x300.jpg 298w, https:\/\/saloni.pl\/wp-content\/uploads\/2022\/12\/IDEA_DWJ-CECHY-PRAWE-150x150.jpg 150w, https:\/\/saloni.pl\/wp-content\/uploads\/2022\/12\/IDEA_DWJ-CECHY-PRAWE-100x100.jpg 100w, https:\/\/saloni.pl\/wp-content\/uploads\/2022\/12\/IDEA_DWJ-CECHY-PRAWE-50x50.jpg 50w\" sizes=\"auto, (max-width: 300px) 100vw, 300px\" \/><\/p>\n<p><img loading=\"lazy\" decoding=\"async\" class=\"alignnone size-full wp-image-11375\" src=\"https:\/\/saloni.pl\/wp-content\/uploads\/2022\/07\/IDEA-CECHY-2.jpg\" alt=\"\" width=\"704\" height=\"499\" srcset=\"https:\/\/saloni.pl\/wp-content\/uploads\/2022\/07\/IDEA-CECHY-2.jpg 704w, https:\/\/saloni.pl\/wp-content\/uploads\/2022\/07\/IDEA-CECHY-2-300x213.jpg 300w, https:\/\/saloni.pl\/wp-content\/uploads\/2022\/07\/IDEA-CECHY-2-600x425.jpg 600w\" sizes=\"auto, (max-width: 704px) 100vw, 704px\" \/><\/p>\n<p><img loading=\"lazy\" decoding=\"async\" class=\"alignnone size-full wp-image-11382\" src=\"https:\/\/saloni.pl\/wp-content\/uploads\/2022\/07\/IDEA-CECHY-31.jpg\" alt=\"\" width=\"706\" height=\"394\" srcset=\"https:\/\/saloni.pl\/wp-content\/uploads\/2022\/07\/IDEA-CECHY-31.jpg 706w, https:\/\/saloni.pl\/wp-content\/uploads\/2022\/07\/IDEA-CECHY-31-300x167.jpg 300w, https:\/\/saloni.pl\/wp-content\/uploads\/2022\/07\/IDEA-CECHY-31-600x335.jpg 600w\" sizes=\"auto, (max-width: 706px) 100vw, 706px\" \/><\/p>\n<p><img loading=\"lazy\" decoding=\"async\" class=\"alignnone size-full wp-image-16987\" src=\"https:\/\/saloni.pl\/wp-content\/uploads\/2022\/12\/IDEA_KDD-CECHY2.jpg\" alt=\"\" width=\"528\" height=\"273\" srcset=\"https:\/\/saloni.pl\/wp-content\/uploads\/2022\/12\/IDEA_KDD-CECHY2.jpg 528w, https:\/\/saloni.pl\/wp-content\/uploads\/2022\/12\/IDEA_KDD-CECHY2-300x155.jpg 300w\" sizes=\"auto, (max-width: 528px) 100vw, 528px\" \/><\/p>\n<p><img loading=\"lazy\" decoding=\"async\" class=\"alignnone size-full wp-image-17019\" src=\"https:\/\/saloni.pl\/wp-content\/uploads\/2022\/12\/IDEA_DWJ-RYS-TECHN.jpg\" alt=\"\" width=\"734\" height=\"718\" srcset=\"https:\/\/saloni.pl\/wp-content\/uploads\/2022\/12\/IDEA_DWJ-RYS-TECHN.jpg 734w, https:\/\/saloni.pl\/wp-content\/uploads\/2022\/12\/IDEA_DWJ-RYS-TECHN-300x293.jpg 300w, https:\/\/saloni.pl\/wp-content\/uploads\/2022\/12\/IDEA_DWJ-RYS-TECHN-600x587.jpg 600w, https:\/\/saloni.pl\/wp-content\/uploads\/2022\/12\/IDEA_DWJ-RYS-TECHN-50x50.jpg 50w\" sizes=\"auto, (max-width: 734px) 100vw, 734px\" \/><\/p>\n<p>&nbsp;<\/p>\n<\/div>\n","protected":false},"excerpt":{"rendered":"<p>Drzwi prysznicowe Idea Black DWJ 140 cm z pojedynczymi drzwiami przesuwnymi, wersja black, szk\u0142o przejrzyste z pow\u0142ok\u0105 Easy Clean Drzwi dost\u0119pne w wielu wymiarach, nie znalaz\u0142e\u015b wymiaru kt\u00f3rego szukasz? Zadzwo\u0144 do nas lub napisz, przedstawimy ci najlepsz\u0105 ofert\u0119. Drzwi Idea to wynik designerskiego po\u0142\u0105czenia szk\u0142a z eleganckimi chromowanymi detalami \u2013 doskonale sprawdz\u0105 si\u0119 we wn\u0119trzu [&hellip;]<\/p>\n","protected":false},"featured_media":17037,"comment_status":"closed","ping_status":"closed","template":"","meta":[],"product_brand":[],"product_cat":[376,20,111],"product_tag":[431,430,429],"berocket_brand":[123],"class_list":{"0":"post-17054","1":"product","2":"type-product","3":"status-publish","4":"has-post-thumbnail","6":"product_cat-black-przesuwne","7":"product_cat-drzwi-wnekowe","8":"product_cat-przesuwne","9":"product_tag-czarne","10":"product_tag-idea-black-dwj","11":"product_tag-przesuwne","12":"berocket_brand-radaway","14":"first","15":"instock","16":"sale","17":"shipping-taxable","18":"purchasable","19":"product-type-simple"},"_links":{"self":[{"href":"https:\/\/saloni.pl\/index.php\/wp-json\/wp\/v2\/product\/17054","targetHints":{"allow":["GET"]}}],"collection":[{"href":"https:\/\/saloni.pl\/index.php\/wp-json\/wp\/v2\/product"}],"about":[{"href":"https:\/\/saloni.pl\/index.php\/wp-json\/wp\/v2\/types\/product"}],"replies":[{"embeddable":true,"href":"https:\/\/saloni.pl\/index.php\/wp-json\/wp\/v2\/comments?post=17054"}],"wp:featuredmedia":[{"embeddable":true,"href":"https:\/\/saloni.pl\/index.php\/wp-json\/wp\/v2\/media\/17037"}],"wp:attachment":[{"href":"https:\/\/saloni.pl\/index.php\/wp-json\/wp\/v2\/media?parent=17054"}],"wp:term":[{"taxonomy":"product_brand","embeddable":true,"href":"https:\/\/saloni.pl\/index.php\/wp-json\/wp\/v2\/product_brand?post=17054"},{"taxonomy":"product_cat","embeddable":true,"href":"https:\/\/saloni.pl\/index.php\/wp-json\/wp\/v2\/product_cat?post=17054"},{"taxonomy":"product_tag","embeddable":true,"href":"https:\/\/saloni.pl\/index.php\/wp-json\/wp\/v2\/product_tag?post=17054"},{"taxonomy":"berocket_brand","embeddable":true,"href":"https:\/\/saloni.pl\/index.php\/wp-json\/wp\/v2\/berocket_brand?post=17054"}],"curies":[{"name":"wp","href":"https:\/\/api.w.org\/{rel}","templated":true}]}}