{"id":16909,"date":"2022-12-06T15:03:52","date_gmt":"2022-12-06T14:03:52","guid":{"rendered":"https:\/\/saloni.pl\/?post_type=product&#038;p=16909"},"modified":"2022-12-06T15:05:07","modified_gmt":"2022-12-06T14:05:07","slug":"kabina-idea-black-pdd-100x100","status":"publish","type":"product","link":"https:\/\/saloni.pl\/index.php\/produkt\/kabina-idea-black-pdd-100x100\/","title":{"rendered":"Kabina Idea Black PDD 100x100"},"content":{"rendered":"<h5><span style=\"color: #000000;\">Kabina prysznicowa Idea Black PDD 100x100 z podw\u00f3jnymi drzwiami przesuwnymi, szk\u0142o przejrzyste z pow\u0142ok\u0105 Easy Clean<\/span><\/h5>\n<div class=\"option-content\">\n<p><strong>Kabina dost\u0119pna w wielu wymiarach, nie znalaz\u0142e\u015b wymiaru kt\u00f3rego szukasz?<\/strong><\/p>\n<p><strong>Zadzwo\u0144 do nas lub napisz, przedstawimy ci najlepsz\u0105 ofert\u0119.<\/strong><\/p>\n<\/div>\n<p>Kabiny Idea to wynik designerskiego po\u0142\u0105czenia szk\u0142a z eleganckimi chromowanymi detalami \u2013 doskonale sprawdz\u0105 si\u0119 we wn\u0119trzu o minimalistycznym stylu , ale r\u00f3wnie harmonijnie b\u0119d\u0105 wsp\u00f3\u0142gra\u0107 ze stylem klasycznym. S\u0105 to kabiny dla os\u00f3b ceni\u0105cych dobry design, kt\u00f3re preferuj\u0105 geometryczne formy sk\u0142adaj\u0105ce si\u0119 w proporcjonaln\u0105 ca\u0142o\u015b\u0107.<\/p>\n<p>Kolor czarny \u015bwietnie prezentuje si\u0119 we wn\u0119trzach \u2013 szczeg\u00f3lnie takich, kt\u00f3re urz\u0105dzone s\u0105 w postindustrialnym, nowoczesnym lub loftowym duchu. Seria Idea Black to efektowne i wyszukane rozwi\u0105zania do ka\u017cdej \u0142azienki, kt\u00f3re przypadn\u0105 do gustu osobom lubi\u0105cym nietuzinkowe i awangardowe rozwi\u0105zania<\/p>\n<p><img loading=\"lazy\" decoding=\"async\" class=\"alignnone size-full wp-image-16891\" src=\"https:\/\/saloni.pl\/wp-content\/uploads\/2022\/12\/CECHY-3-PDD.jpg\" alt=\"\" width=\"300\" height=\"263\" \/><\/p>\n<p><img loading=\"lazy\" decoding=\"async\" class=\"alignnone size-full wp-image-16890\" src=\"https:\/\/saloni.pl\/wp-content\/uploads\/2022\/12\/CECHY-1.jpg\" alt=\"\" width=\"516\" height=\"620\" srcset=\"https:\/\/saloni.pl\/wp-content\/uploads\/2022\/12\/CECHY-1.jpg 516w, https:\/\/saloni.pl\/wp-content\/uploads\/2022\/12\/CECHY-1-250x300.jpg 250w, https:\/\/saloni.pl\/wp-content\/uploads\/2022\/12\/CECHY-1-300x360.jpg 300w\" sizes=\"auto, (max-width: 516px) 100vw, 516px\" \/><\/p>\n<p><img loading=\"lazy\" decoding=\"async\" class=\"alignnone size-full wp-image-16886\" src=\"https:\/\/saloni.pl\/wp-content\/uploads\/2022\/12\/CECHY-2-PDD.jpg\" alt=\"\" width=\"529\" height=\"406\" srcset=\"https:\/\/saloni.pl\/wp-content\/uploads\/2022\/12\/CECHY-2-PDD.jpg 529w, https:\/\/saloni.pl\/wp-content\/uploads\/2022\/12\/CECHY-2-PDD-300x230.jpg 300w\" sizes=\"auto, (max-width: 529px) 100vw, 529px\" \/><\/p>\n<p><img loading=\"lazy\" decoding=\"async\" class=\"alignnone size-full wp-image-16892\" src=\"https:\/\/saloni.pl\/wp-content\/uploads\/2022\/12\/IDEA_PDD_rysunek-techniczny.jpg\" alt=\"\" width=\"561\" height=\"627\" srcset=\"https:\/\/saloni.pl\/wp-content\/uploads\/2022\/12\/IDEA_PDD_rysunek-techniczny.jpg 561w, https:\/\/saloni.pl\/wp-content\/uploads\/2022\/12\/IDEA_PDD_rysunek-techniczny-268x300.jpg 268w, https:\/\/saloni.pl\/wp-content\/uploads\/2022\/12\/IDEA_PDD_rysunek-techniczny-300x335.jpg 300w\" sizes=\"auto, (max-width: 561px) 100vw, 561px\" \/><\/p>\n<p>&nbsp;<\/p>\n<p>&nbsp;<\/p>\n","protected":false},"excerpt":{"rendered":"<p>Kabina prysznicowa Idea Black PDD 100x100 z podw\u00f3jnymi drzwiami przesuwnymi, szk\u0142o przejrzyste z pow\u0142ok\u0105 Easy Clean Kabina dost\u0119pna w wielu wymiarach, nie znalaz\u0142e\u015b wymiaru kt\u00f3rego szukasz? Zadzwo\u0144 do nas lub napisz, przedstawimy ci najlepsz\u0105 ofert\u0119. Kabiny Idea to wynik designerskiego po\u0142\u0105czenia szk\u0142a z eleganckimi chromowanymi detalami \u2013 doskonale sprawdz\u0105 si\u0119 we wn\u0119trzu o minimalistycznym stylu [&hellip;]<\/p>\n","protected":false},"featured_media":16901,"comment_status":"closed","ping_status":"closed","template":"","meta":[],"product_brand":[],"product_cat":[196,16,102,279],"product_tag":[421,145,424,405,390],"berocket_brand":[123],"class_list":{"0":"post-16909","1":"product","2":"type-product","3":"status-publish","4":"has-post-thumbnail","6":"product_cat-black-polokragle","7":"product_cat-kabiny-prysznicowe","8":"product_cat-polokragle","9":"product_cat-przesuwne-black-polokragle","10":"product_tag-black","11":"product_tag-kabina-prysznicowa","12":"product_tag-polokragla","13":"product_tag-przesuwna","14":"product_tag-radaway","15":"berocket_brand-radaway","17":"first","18":"instock","19":"sale","20":"shipping-taxable","21":"purchasable","22":"product-type-simple"},"_links":{"self":[{"href":"https:\/\/saloni.pl\/index.php\/wp-json\/wp\/v2\/product\/16909","targetHints":{"allow":["GET"]}}],"collection":[{"href":"https:\/\/saloni.pl\/index.php\/wp-json\/wp\/v2\/product"}],"about":[{"href":"https:\/\/saloni.pl\/index.php\/wp-json\/wp\/v2\/types\/product"}],"replies":[{"embeddable":true,"href":"https:\/\/saloni.pl\/index.php\/wp-json\/wp\/v2\/comments?post=16909"}],"wp:featuredmedia":[{"embeddable":true,"href":"https:\/\/saloni.pl\/index.php\/wp-json\/wp\/v2\/media\/16901"}],"wp:attachment":[{"href":"https:\/\/saloni.pl\/index.php\/wp-json\/wp\/v2\/media?parent=16909"}],"wp:term":[{"taxonomy":"product_brand","embeddable":true,"href":"https:\/\/saloni.pl\/index.php\/wp-json\/wp\/v2\/product_brand?post=16909"},{"taxonomy":"product_cat","embeddable":true,"href":"https:\/\/saloni.pl\/index.php\/wp-json\/wp\/v2\/product_cat?post=16909"},{"taxonomy":"product_tag","embeddable":true,"href":"https:\/\/saloni.pl\/index.php\/wp-json\/wp\/v2\/product_tag?post=16909"},{"taxonomy":"berocket_brand","embeddable":true,"href":"https:\/\/saloni.pl\/index.php\/wp-json\/wp\/v2\/berocket_brand?post=16909"}],"curies":[{"name":"wp","href":"https:\/\/api.w.org\/{rel}","templated":true}]}}

<h5><span style="color: #000000;">Kabina prysznicowa Idea Black PDD 100x100 z podwójnymi drzwiami przesuwnymi, szkło przejrzyste z powłoką Easy Clean</span></h5>
<div class="option-content">
<p><strong>Kabina dostępna w wielu wymiarach, nie znalazłeś wymiaru którego szukasz?</strong></p>
<p><strong>Zadzwoń do nas lub napisz, przedstawimy ci najlepszą ofertę.</strong></p>
</div>
<p>Kabiny Idea to wynik designerskiego połączenia szkła z eleganckimi chromowanymi detalami – doskonale sprawdzą się we wnętrzu o minimalistycznym stylu , ale równie harmonijnie będą współgrać ze stylem klasycznym. Są to kabiny dla osób ceniących dobry design, które preferują geometryczne formy składające się w proporcjonalną całość.</p>
<p>Kolor czarny świetnie prezentuje się we wnętrzach – szczególnie takich, które urządzone są w postindustrialnym, nowoczesnym lub loftowym duchu. Seria Idea Black to efektowne i wyszukane rozwiązania do każdej łazienki, które przypadną do gustu osobom lubiącym nietuzinkowe i awangardowe rozwiązania</p>
<p><img loading="lazy" decoding="async" class="alignnone size-full wp-image-16891" src="https://saloni.pl/wp-content/uploads/2022/12/CECHY-3-PDD.jpg" alt="" width="300" height="263" /></p>
<p><img loading="lazy" decoding="async" class="alignnone size-full wp-image-16890" src="https://saloni.pl/wp-content/uploads/2022/12/CECHY-1.jpg" alt="" width="516" height="620" srcset="https://saloni.pl/wp-content/uploads/2022/12/CECHY-1.jpg 516w, https://saloni.pl/wp-content/uploads/2022/12/CECHY-1-250x300.jpg 250w, https://saloni.pl/wp-content/uploads/2022/12/CECHY-1-300x360.jpg 300w" sizes="auto, (max-width: 516px) 100vw, 516px" /></p>
<p><img loading="lazy" decoding="async" class="alignnone size-full wp-image-16886" src="https://saloni.pl/wp-content/uploads/2022/12/CECHY-2-PDD.jpg" alt="" width="529" height="406" srcset="https://saloni.pl/wp-content/uploads/2022/12/CECHY-2-PDD.jpg 529w, https://saloni.pl/wp-content/uploads/2022/12/CECHY-2-PDD-300x230.jpg 300w" sizes="auto, (max-width: 529px) 100vw, 529px" /></p>
<p><img loading="lazy" decoding="async" class="alignnone size-full wp-image-16892" src="https://saloni.pl/wp-content/uploads/2022/12/IDEA_PDD_rysunek-techniczny.jpg" alt="" width="561" height="627" srcset="https://saloni.pl/wp-content/uploads/2022/12/IDEA_PDD_rysunek-techniczny.jpg 561w, https://saloni.pl/wp-content/uploads/2022/12/IDEA_PDD_rysunek-techniczny-268x300.jpg 268w, https://saloni.pl/wp-content/uploads/2022/12/IDEA_PDD_rysunek-techniczny-300x335.jpg 300w" sizes="auto, (max-width: 561px) 100vw, 561px" /></p>
<p>&nbsp;</p>
<p>&nbsp;</p>

<p>Kabina prysznicowa Idea Black PDD 100x100 z podwójnymi drzwiami przesuwnymi, szkło przejrzyste z powłoką Easy Clean Kabina dostępna w wielu wymiarach, nie znalazłeś wymiaru którego szukasz? Zadzwoń do nas lub napisz, przedstawimy ci najlepszą ofertę. Kabiny Idea to wynik designerskiego połączenia szkła z eleganckimi chromowanymi detalami – doskonale sprawdzą się we wnętrzu o minimalistycznym stylu [&hellip;]</p>
