{"id":16670,"date":"2022-10-13T13:54:45","date_gmt":"2022-10-13T11:54:45","guid":{"rendered":"https:\/\/saloni.pl\/?post_type=product&#038;p=16670"},"modified":"2022-11-10T11:25:15","modified_gmt":"2022-11-10T10:25:15","slug":"bodzik-teos-f-130x90-antracyt","status":"publish","type":"product","link":"https:\/\/saloni.pl\/index.php\/produkt\/bodzik-teos-f-130x90-antracyt\/","title":{"rendered":"Bodzik Teos F 130x90 Antracyt"},"content":{"rendered":"<h3 class=\"head tiny\"><span style=\"color: #000000;\">BRODZIK Z KONGLOMERATU MARMUROWEGO<\/span><\/h3>\n<p><strong>Brodzik dost\u0119pny w wielu wymiarach, nie znalaz\u0142e\u015b wymiaru kt\u00f3rego szukasz?<\/strong><\/p>\n<p><strong>Zadzwo\u0144 do nas lub napisz, przedstawimy ci najlepsz\u0105 ofert\u0119.<\/strong><\/p>\n<p><img loading=\"lazy\" decoding=\"async\" class=\"alignnone size-full wp-image-16527\" src=\"https:\/\/saloni.pl\/wp-content\/uploads\/2022\/10\/Teos-F-cechy.jpg\" alt=\"\" width=\"718\" height=\"590\" srcset=\"https:\/\/saloni.pl\/wp-content\/uploads\/2022\/10\/Teos-F-cechy.jpg 718w, https:\/\/saloni.pl\/wp-content\/uploads\/2022\/10\/Teos-F-cechy-300x247.jpg 300w, https:\/\/saloni.pl\/wp-content\/uploads\/2022\/10\/Teos-F-cechy-600x493.jpg 600w\" sizes=\"auto, (max-width: 718px) 100vw, 718px\" \/><\/p>\n<h3><span style=\"color: #000000;\"><strong>Rysunek techniczny<\/strong><\/span><\/h3>\n<p><img loading=\"lazy\" decoding=\"async\" class=\"alignnone size-full wp-image-16566\" src=\"https:\/\/saloni.pl\/wp-content\/uploads\/2022\/10\/Kyntos-rysunek-techn.jpg\" alt=\"\" width=\"528\" height=\"692\" srcset=\"https:\/\/saloni.pl\/wp-content\/uploads\/2022\/10\/Kyntos-rysunek-techn.jpg 528w, https:\/\/saloni.pl\/wp-content\/uploads\/2022\/10\/Kyntos-rysunek-techn-300x393.jpg 300w, https:\/\/saloni.pl\/wp-content\/uploads\/2022\/10\/Kyntos-rysunek-techn-229x300.jpg 229w\" sizes=\"auto, (max-width: 528px) 100vw, 528px\" \/><\/p>\n<h3><span style=\"color: #000000;\"><strong>Istnieje mo\u017cliwo\u015b\u0107 doci\u0119cia brodzika na wymiar<\/strong><\/span><\/h3>\n<p><img loading=\"lazy\" decoding=\"async\" class=\"alignnone size-full wp-image-16529\" src=\"https:\/\/saloni.pl\/wp-content\/uploads\/2022\/10\/Teos-F-dociecie.jpg\" alt=\"\" width=\"402\" height=\"242\" srcset=\"https:\/\/saloni.pl\/wp-content\/uploads\/2022\/10\/Teos-F-dociecie.jpg 402w, https:\/\/saloni.pl\/wp-content\/uploads\/2022\/10\/Teos-F-dociecie-300x181.jpg 300w\" sizes=\"auto, (max-width: 402px) 100vw, 402px\" \/><\/p>\n<h5><span style=\"color: #000000;\"><strong>Brodzik dost\u0119pny w kolorach bia\u0142y, czarny, antracyt i cemento.<\/strong><\/span><\/h5>\n<h5><span style=\"color: #000000;\">W celu skompletowania brodzika nale\u017cy dokupi\u0107 do niego syfon <\/span><span style=\"color: #000000;\"><strong>HS1<\/strong><\/span><\/h5>\n","protected":false},"excerpt":{"rendered":"<p>BRODZIK Z KONGLOMERATU MARMUROWEGO Brodzik dost\u0119pny w wielu wymiarach, nie znalaz\u0142e\u015b wymiaru kt\u00f3rego szukasz? Zadzwo\u0144 do nas lub napisz, przedstawimy ci najlepsz\u0105 ofert\u0119. Rysunek techniczny Istnieje mo\u017cliwo\u015b\u0107 doci\u0119cia brodzika na wymiar Brodzik dost\u0119pny w kolorach bia\u0142y, czarny, antracyt i cemento. W celu skompletowania brodzika nale\u017cy dokupi\u0107 do niego syfon HS1<\/p>\n","protected":false},"featured_media":16175,"comment_status":"closed","ping_status":"closed","template":"","meta":[],"product_brand":[],"product_cat":[411,28,135,29],"product_tag":[387,397,389,396,398,395],"berocket_brand":[123],"class_list":{"0":"post-16670","1":"product","2":"type-product","3":"status-publish","4":"has-post-thumbnail","6":"product_cat-antracytowe","7":"product_cat-brodziki-prysznicowe","8":"product_cat-prostokatne-brodziki-prysznicowe","9":"product_cat-radaway-brodziki-prysznicowe","10":"product_tag-brodzik","11":"product_tag-brodzik-z-konglomeratu","12":"product_tag-konglomerat","13":"product_tag-niski-brodzik","14":"product_tag-prostokatny","15":"product_tag-teos","16":"berocket_brand-radaway","18":"first","19":"onbackorder","20":"sale","21":"shipping-taxable","22":"purchasable","23":"product-type-simple"},"_links":{"self":[{"href":"https:\/\/saloni.pl\/index.php\/wp-json\/wp\/v2\/product\/16670","targetHints":{"allow":["GET"]}}],"collection":[{"href":"https:\/\/saloni.pl\/index.php\/wp-json\/wp\/v2\/product"}],"about":[{"href":"https:\/\/saloni.pl\/index.php\/wp-json\/wp\/v2\/types\/product"}],"replies":[{"embeddable":true,"href":"https:\/\/saloni.pl\/index.php\/wp-json\/wp\/v2\/comments?post=16670"}],"wp:featuredmedia":[{"embeddable":true,"href":"https:\/\/saloni.pl\/index.php\/wp-json\/wp\/v2\/media\/16175"}],"wp:attachment":[{"href":"https:\/\/saloni.pl\/index.php\/wp-json\/wp\/v2\/media?parent=16670"}],"wp:term":[{"taxonomy":"product_brand","embeddable":true,"href":"https:\/\/saloni.pl\/index.php\/wp-json\/wp\/v2\/product_brand?post=16670"},{"taxonomy":"product_cat","embeddable":true,"href":"https:\/\/saloni.pl\/index.php\/wp-json\/wp\/v2\/product_cat?post=16670"},{"taxonomy":"product_tag","embeddable":true,"href":"https:\/\/saloni.pl\/index.php\/wp-json\/wp\/v2\/product_tag?post=16670"},{"taxonomy":"berocket_brand","embeddable":true,"href":"https:\/\/saloni.pl\/index.php\/wp-json\/wp\/v2\/berocket_brand?post=16670"}],"curies":[{"name":"wp","href":"https:\/\/api.w.org\/{rel}","templated":true}]}}