{"id":16536,"date":"2022-10-11T18:16:30","date_gmt":"2022-10-11T16:16:30","guid":{"rendered":"https:\/\/saloni.pl\/?post_type=product&#038;p=16536"},"modified":"2022-11-10T12:06:26","modified_gmt":"2022-11-10T11:06:26","slug":"bodzik-teos-c-90x90-antracyt","status":"publish","type":"product","link":"https:\/\/saloni.pl\/index.php\/produkt\/bodzik-teos-c-90x90-antracyt\/","title":{"rendered":"Bodzik Teos C 90x90 Antracyt"},"content":{"rendered":"<p><img loading=\"lazy\" decoding=\"async\" class=\"alignnone size-full wp-image-16527\" src=\"https:\/\/saloni.pl\/wp-content\/uploads\/2022\/10\/Teos-F-cechy.jpg\" alt=\"\" width=\"718\" height=\"590\" srcset=\"https:\/\/saloni.pl\/wp-content\/uploads\/2022\/10\/Teos-F-cechy.jpg 718w, https:\/\/saloni.pl\/wp-content\/uploads\/2022\/10\/Teos-F-cechy-300x247.jpg 300w, https:\/\/saloni.pl\/wp-content\/uploads\/2022\/10\/Teos-F-cechy-600x493.jpg 600w\" sizes=\"auto, (max-width: 718px) 100vw, 718px\" \/><\/p>\n<h3><span style=\"color: #000000;\"><strong>Rysunek techniczny<\/strong><\/span><\/h3>\n<p><img loading=\"lazy\" decoding=\"async\" class=\"alignnone size-full wp-image-16530\" src=\"https:\/\/saloni.pl\/wp-content\/uploads\/2022\/10\/Teos-C-rys-techn.jpg\" alt=\"\" width=\"401\" height=\"534\" srcset=\"https:\/\/saloni.pl\/wp-content\/uploads\/2022\/10\/Teos-C-rys-techn.jpg 401w, https:\/\/saloni.pl\/wp-content\/uploads\/2022\/10\/Teos-C-rys-techn-300x400.jpg 300w, https:\/\/saloni.pl\/wp-content\/uploads\/2022\/10\/Teos-C-rys-techn-225x300.jpg 225w\" sizes=\"auto, (max-width: 401px) 100vw, 401px\" \/><\/p>\n<h3><span style=\"color: #000000;\"><strong>Istnieje mo\u017cliwo\u015b\u0107 doci\u0119cia brodzika na wymiar<\/strong><\/span><\/h3>\n<p><img loading=\"lazy\" decoding=\"async\" class=\"alignnone size-full wp-image-16529\" src=\"https:\/\/saloni.pl\/wp-content\/uploads\/2022\/10\/Teos-F-dociecie.jpg\" alt=\"\" width=\"402\" height=\"242\" srcset=\"https:\/\/saloni.pl\/wp-content\/uploads\/2022\/10\/Teos-F-dociecie.jpg 402w, https:\/\/saloni.pl\/wp-content\/uploads\/2022\/10\/Teos-F-dociecie-300x181.jpg 300w\" sizes=\"auto, (max-width: 402px) 100vw, 402px\" \/><\/p>\n<h5><span style=\"color: #000000;\"><strong>Brodzik dost\u0119pny w kolorach bia\u0142y, czarny, antracyt i cemento.<\/strong><\/span><\/h5>\n<h5><span style=\"color: #000000;\">W celu skompletowania brodzika nale\u017cy dokupi\u0107 do niego syfon <\/span><span style=\"color: #000000;\"><strong>HS1<\/strong><\/span><\/h5>\n","protected":false},"excerpt":{"rendered":"<p>Rysunek techniczny Istnieje mo\u017cliwo\u015b\u0107 doci\u0119cia brodzika na wymiar Brodzik dost\u0119pny w kolorach bia\u0142y, czarny, antracyt i cemento. W celu skompletowania brodzika nale\u017cy dokupi\u0107 do niego syfon HS1<\/p>\n","protected":false},"featured_media":16159,"comment_status":"closed","ping_status":"closed","template":"","meta":[],"product_brand":[],"product_cat":[415,28,136,29],"product_tag":[387,397,389,396,395],"berocket_brand":[123],"class_list":{"0":"post-16536","1":"product","2":"type-product","3":"status-publish","4":"has-post-thumbnail","6":"product_cat-antracytowy","7":"product_cat-brodziki-prysznicowe","8":"product_cat-kwadratowe-brodziki-prysznicowe","9":"product_cat-radaway-brodziki-prysznicowe","10":"product_tag-brodzik","11":"product_tag-brodzik-z-konglomeratu","12":"product_tag-konglomerat","13":"product_tag-niski-brodzik","14":"product_tag-teos","15":"berocket_brand-radaway","17":"first","18":"instock","19":"sale","20":"shipping-taxable","21":"purchasable","22":"product-type-simple"},"_links":{"self":[{"href":"https:\/\/saloni.pl\/index.php\/wp-json\/wp\/v2\/product\/16536","targetHints":{"allow":["GET"]}}],"collection":[{"href":"https:\/\/saloni.pl\/index.php\/wp-json\/wp\/v2\/product"}],"about":[{"href":"https:\/\/saloni.pl\/index.php\/wp-json\/wp\/v2\/types\/product"}],"replies":[{"embeddable":true,"href":"https:\/\/saloni.pl\/index.php\/wp-json\/wp\/v2\/comments?post=16536"}],"wp:featuredmedia":[{"embeddable":true,"href":"https:\/\/saloni.pl\/index.php\/wp-json\/wp\/v2\/media\/16159"}],"wp:attachment":[{"href":"https:\/\/saloni.pl\/index.php\/wp-json\/wp\/v2\/media?parent=16536"}],"wp:term":[{"taxonomy":"product_brand","embeddable":true,"href":"https:\/\/saloni.pl\/index.php\/wp-json\/wp\/v2\/product_brand?post=16536"},{"taxonomy":"product_cat","embeddable":true,"href":"https:\/\/saloni.pl\/index.php\/wp-json\/wp\/v2\/product_cat?post=16536"},{"taxonomy":"product_tag","embeddable":true,"href":"https:\/\/saloni.pl\/index.php\/wp-json\/wp\/v2\/product_tag?post=16536"},{"taxonomy":"berocket_brand","embeddable":true,"href":"https:\/\/saloni.pl\/index.php\/wp-json\/wp\/v2\/berocket_brand?post=16536"}],"curies":[{"name":"wp","href":"https:\/\/api.w.org\/{rel}","templated":true}]}}