{"id":162,"date":"2022-04-21T12:33:54","date_gmt":"2022-04-21T10:33:54","guid":{"rendered":"https:\/\/webserwis.net\/saloni\/?page_id=162"},"modified":"2022-04-27T12:46:37","modified_gmt":"2022-04-27T10:46:37","slug":"regulamin","status":"publish","type":"page","link":"https:\/\/saloni.pl\/index.php\/regulamin\/","title":{"rendered":"Regulamin"},"content":{"rendered":"<p><span style=\"font-weight: 400;\">Szanowny Kliencie,<\/span><br style=\"font-weight: 400;\" \/><span style=\"font-weight: 400;\">Uprzejmie informujemy, i\u017c\u00a0 z dniem 25 grudnia 2014 roku ulega zmianie nasz dotychczasowy Regulamin .<\/span><br style=\"font-weight: 400;\" \/><br style=\"font-weight: 400;\" \/><span style=\"font-weight: 400;\">\u00a0\u00a0\u00a0\u00a0 Wynika to z ustawy o prawach konsumenta z dnia 30 maja 2014 roku (Dz. U. z 2014 r., poz. 827), wprowadzaj\u0105cej obowi\u0105zek dokonania zmian w\u00a0 zakresie m.in. prawa odst\u0105pienia od umowy , procesu reklamacji, przekazywania informacji, tak aby konsumenci\u00a0 posiadali jak najwi\u0119ksz\u0105 wiedz\u0119, zar\u00f3wno przed zawarciem umowy, jak i na etapie realizacji zam\u00f3wienia.<\/span><br style=\"font-weight: 400;\" \/><br style=\"font-weight: 400;\" \/><span style=\"font-weight: 400;\">Prosimy o zapoznanie si\u0119 ze zmianami.<\/span><br style=\"font-weight: 400;\" \/><br style=\"font-weight: 400;\" \/><span style=\"font-weight: 400;\">\u00a7 1 STRONY TRANSAKCJI<\/span><\/p>\n<ol>\n<li style=\"font-weight: 400;\">Stron\u0105 dokonuj\u0105c\u0105 zakup\u00f3w w sklepie (zwany dalej \u201eSklep\u201d) jest pe\u0142noletnia osoba fizyczna kt\u00f3ra uko\u0144czy\u0142a 18 lat b\u0105d\u017a firma (zwana dalej \u201eNabywca\u201d).<\/li>\n<li style=\"font-weight: 400;\">Stron\u0105 dokonuj\u0105c\u0105 sprzeda\u017cy produkt\u00f3w zawartych na stronie Saloni.pl jest Firma Handlowa Saloni zarejestrowana przez Urz\u0105d Gminy Warszawa Targ\u00f3wek (Nr. ewid. 146024) z siedzib\u0105 w Warszawie (03-571) przy ulicy Or\u0142owskiej 3 i punktem sprzeda\u017cy w Warszawie (00-716) przy ulicy Bartyckiej 24\/26, NIP: 524-101-56-55, REGON: 010986074. klienci mog\u0105 kontaktowa\u0107 si\u0119 ze Sprzedaj\u0105cym pod adresem mailowym biuro@saloni.pl lub telefonicznie pod numerami 22 559-10-50, 510 745 803, 509 151 635<\/li>\n<\/ol>\n<p style=\"font-weight: 400;\">\n<ul>\n<li style=\"font-weight: 400;\">2 BEZPIECZE\u0143STWO<\/li>\n<\/ul>\n<ol>\n<li style=\"font-weight: 400;\">Wszystkie transakcje zawierane drog\u0105 elektroniczn\u0105 s\u0105 chronione zgodnie z Ustaw\u0105 z dnia 29 sierpnia 1997r o ochronie danych osobowych (Dz. U. Nr 133 poz. 883).<\/li>\n<\/ol>\n<p style=\"font-weight: 400;\">\n<ul>\n<li style=\"font-weight: 400;\">3 OFERTA SKLEPU<\/li>\n<\/ul>\n<ol>\n<li style=\"font-weight: 400;\">Wszystkie ceny towar\u00f3w znajduj\u0105cych si\u0119 w Sklepie s\u0105 podane w polskich z\u0142otych i zawieraj\u0105 podatek VAT (ceny brutto).<\/li>\n<li style=\"font-weight: 400;\">Zawarto\u015b\u0107 Sklepu nie stanowi oferty handlowej w rozumieniu art. 543 Kodeksu Cywilnego.<\/li>\n<li style=\"font-weight: 400;\">Produkty zawarte na stronie Sklepu s\u0105 fabrycznie nowe, posiadaj\u0105 wymagane atesty i zezwolenia dopuszczaj\u0105ce je do obrotu na terenie Polski.<\/li>\n<li style=\"font-weight: 400;\">Sklep zastrzega sobie prawo do zmiany cen towar\u00f3w znajduj\u0105cych si\u0119 w ofercie, wprowadzania nowych towar\u00f3w do oferty Sklepu, przeprowadzania i odwo\u0142ywania akcji promocyjnych na stronach Sklepu b\u0105d\u017a wprowadzania w nich zmian.<\/li>\n<\/ol>\n<p style=\"font-weight: 400;\">\n<ul>\n<li style=\"font-weight: 400;\">4 ZAM\u00d3WIENIA<\/li>\n<\/ul>\n<ol>\n<li style=\"font-weight: 400;\">Zam\u00f3wienia mo\u017ce dokona\u0107 ka\u017cda osoba pe\u0142noletnia b\u0105d\u017a firma. Sk\u0142adanie zam\u00f3wie\u0144 odbywa si\u0119 poprzez:<\/li>\n<\/ol>\n<ul>\n<li style=\"font-weight: 400;\">z\u0142o\u017cenie zam\u00f3wienia poprzez system sprzeda\u017cy Sklepu (\u201edodaj do koszyka\u201d)<\/li>\n<li style=\"font-weight: 400;\">wys\u0142anie e-maila zawieraj\u0105cego dane dotycz\u0105ce zamawianego towaru i niezb\u0119dnych danych Nabywcy na adres biuro@saloni.pl<\/li>\n<\/ul>\n<ol start=\"3\">\n<li style=\"font-weight: 400;\">Niezw\u0142ocznie po z\u0142o\u017ceniu Zam\u00f3wienia Sklep wy\u015ble do Nabywcy e-mail z wiadomo\u015bci\u0105 potwierdzaj\u0105c\u0105 otrzymanie Zam\u00f3wienia. Potwierdzenie zostanie wys\u0142ane na adres wskazany w formularzu lub e-mailu od Nabywcy. Potwierdzenie zawiera\u0107 b\u0119dzie w szczeg\u00f3lno\u015bci: nazw\u0119 towaru i inne dane go identyfikuj\u0105ce, cen\u0119 za towar, \u0142\u0105czn\u0105 cen\u0119 za zam\u00f3wione towary wraz z kosztami deklarowanej formy transportu czy p\u0142atno\u015bci, 3. Zam\u00f3wienia dokonane poprzez system sprzeda\u017cy Sklepu (\u201edodaj do koszyka\u201d) s\u0105 przyjmowane do realizacji po uprzednim u\u017cyciu przez Nabywc\u0119 linka potwierdzaj\u0105cego otrzymanego wraz z wiadomo\u015bci\u0105 mailow\u0105 potwierdzaj\u0105c\u0105 z\u0142o\u017cenie zam\u00f3wienia. W przypadku braku informacji potwierdzaj\u0105cej Zam\u00f3wienie w przeci\u0105gu 5 dni roboczych od jego z\u0142o\u017cenia, Zam\u00f3wienie jest anulowane.<\/li>\n<li style=\"font-weight: 400;\">Zam\u00f3wienie zostanie zrealizowane pod warunkiem, \u017ce towar jest dost\u0119pny w magazynie lub u dostawc\u00f3w Sklepu.<\/li>\n<li style=\"font-weight: 400;\">W przypadku, gdy towar obj\u0119ty Zam\u00f3wieniem nie jest dost\u0119pny w magazynie lub u dostawc\u00f3w Sklepu, Nabywca niezw\u0142ocznie, nie p\u00f3\u017aniej jednak, ni\u017c w terminie okre\u015blonym dla realizacji Zam\u00f3wienia dotycz\u0105cego danego Towaru, informowany jest o tej okoliczno\u015bci poprzez wys\u0142anie do niego e-maila. Nabywca po otrzymaniu powy\u017cszego e-maila podejmuje decyzje o dalszym sposobie realizacji Zam\u00f3wienia (rezygnacja z cz\u0119\u015bci Zam\u00f3wienia, wyd\u0142u\u017cenie czasu oczekiwania na realizacj\u0119 Zam\u00f3wienia, anulowanie ca\u0142o\u015bci Zam\u00f3wienia). W przypadku, gdy w terminie 5 dni roboczych od wys\u0142ania do Nabywcy przez Sklep wiadomo\u015bci o stanie Zam\u00f3wienia Nabywca nie podejmie \u017cadnej decyzji co do dalszej realizacji Zam\u00f3wienia, Zam\u00f3wienie zostanie anulowane w cz\u0119\u015bci, kt\u00f3ra nie mo\u017ce by\u0107 przez Sklep zrealizowana.<\/li>\n<li style=\"font-weight: 400;\">W przypadku Towar\u00f3w obj\u0119tych promocj\u0105 lub wyprzeda\u017c\u0105, Zam\u00f3wienia b\u0119d\u0105 realizowane wed\u0142ug kolejno\u015bci wp\u0142ywania Zam\u00f3wie\u0144 na te towary, a\u017c do wyczerpania si\u0119 zapas\u00f3w obj\u0119tych t\u0105 form\u0105 sprzeda\u017cy.<\/li>\n<li style=\"font-weight: 400;\">Do ka\u017cdego realizowanego Zam\u00f3wienia wystawiana jest faktura VAT lub paragon fiskalny. Faktura VAT i paragon fiskalny wystawiane s\u0105, gdy towar obj\u0119ty Zam\u00f3wieniem gotowy jest do wysy\u0142ki, dostawy lub w chwili odbioru towaru przez Nabywc\u0119.<\/li>\n<li style=\"font-weight: 400;\">Podane przy produktach terminy ich dost\u0119pno\u015bci, s\u0105 terminami szacunkowymi. Ka\u017cdorazowo pracownik Sklepu przeka\u017ce informacj\u0119 o terminie realizacji Zam\u00f3wienia.<\/li>\n<\/ol>\n<p style=\"font-weight: 400;\">\n<ul>\n<li style=\"font-weight: 400;\">5 DOSTAWA I ODBI\u00d3R ZAM\u00d3WIE\u0143<\/li>\n<\/ul>\n<ol>\n<li style=\"font-weight: 400;\">Towary obj\u0119te Zam\u00f3wieniem dostarczane s\u0105 do Klienta za po\u015brednictwem: us\u0142ugi transportowej \u015bwiadczonej przez nasz\u0105 firm\u0119, firmy kurierskiej (przesy\u0142ka kurierska), mo\u017cliwy jest r\u00f3wnie\u017c odbi\u00f3r osobisty zam\u00f3wionego towaru w Naszym punkcie w Warszawie przy ulicy Bartyckiej 24\/26 pawilon 212.<\/li>\n<li style=\"font-weight: 400;\">Dostawa towaru odbywa si\u0119 w spos\u00f3b okre\u015blony przez Nabywc\u0119 w formularzu, w szczeg\u00f3lno\u015bci na podany tam adres, przy czym mo\u017ce by\u0107 to wy\u0142\u0105cznie adres na terytorium Rzeczypospolitej Polskiej. Zmiana adresu dostawy jest mo\u017cliwa tylko przy uprzedniej akceptacji przez pracownika Sklepu.<\/li>\n<li style=\"font-weight: 400;\">Nabywca jest zobowi\u0105zany do sprawdzenia w obecno\u015bci przewo\u017anika dostarczonego towaru\/towar\u00f3w pod k\u0105tem uszkodze\u0144 mechanicznych i zgodno\u015bci dostawy z zam\u00f3wieniem.<\/li>\n<\/ol>\n<p style=\"font-weight: 400;\">\n<ul>\n<li style=\"font-weight: 400;\">6 P\u0141ATNO\u015aCI<\/li>\n<\/ul>\n<ol>\n<li style=\"font-weight: 400;\">Nabywca w Zam\u00f3wieniu wskazuje form\u0119 p\u0142atno\u015bci.<\/li>\n<li style=\"font-weight: 400;\">Nabywca mo\u017ce wybra\u0107 nast\u0119puj\u0105ce formy p\u0142atno\u015bci: got\u00f3wk\u0105 (odbi\u00f3r osobisty i dostawa realizowana przez transport w\u0142asny , za pobraniem (przesy\u0142ka kurierska), przelew (przesy\u0142ka kurierska, odbi\u00f3r osobisty, dostawa naszym transportem).<\/li>\n<li style=\"font-weight: 400;\">W przypadku p\u0142atno\u015bci \u201eprzelew\u201d wydanie towaru Nabywcy nast\u0119puje po uprzednim zaksi\u0119gowaniu \u015brodk\u00f3w finansowych na koncie Sklepu.<\/li>\n<li style=\"font-weight: 400;\">P\u0142atno\u015b\u0107 karta kredytow\u0105 poprzez jeden z system\u00f3w obs\u0142uguj\u0105cych sklep<\/li>\n<\/ol>\n<p style=\"font-weight: 400;\">\n<ul>\n<li style=\"font-weight: 400;\">7 ZWROTY I REKLAMACJE<\/li>\n<\/ul>\n<ol>\n<li style=\"font-weight: 400;\">Zgodnie z obowi\u0105zuj\u0105cymi przepisami prawa w terminie 14 dni od otrzymania zam\u00f3wionego produktu, konsument ma prawo odst\u0105pienia od umowy bez podania przyczyny i bez ponoszenia koszt\u00f3w (z wyj\u0105tkiem koszt\u00f3w okre\u015blonych w art. 33, art. 34 ust. 2 i art. 35 ustawy z dnia 30 maja 2014 r. o prawach konsumenta, Dz. U. z 2014 r. poz. 827;\u00a0 w szczeg\u00f3lno\u015bci konsument zobowi\u0105zany jest do poniesienia bezpo\u015brednich koszt\u00f3w zwrotu rzeczy), z zastrze\u017ceniem, \u017ce nie podlegaj\u0105 zwrotowi \u015bwiadczenia i towary, od nabycia kt\u00f3rych, zgodnie z obowi\u0105zuj\u0105cymi przepisami prawa, nie mo\u017cna odst\u0105pi\u0107. Zasady odst\u0105pienia od umowy oraz wz\u00f3r formularza o odst\u0105pieniu od umowy, z kt\u00f3rego Klient mo\u017ce skorzysta\u0107, a tak\u017ce przypadki, w kt\u00f3rych prawo do odst\u0105pienia od umowy nie przys\u0142uguje, okre\u015blone s\u0105 w pouczeniu, stanowi\u0105cym za\u0142\u0105cznik nr 1 do Regulaminu oraz za\u0142\u0105cznik nr 2 do Regulaminu (Formularz odst\u0105pienia). Wz\u00f3r formularza odst\u0105pienia od umowy zawarty jest r\u00f3wnie\u017c w za\u0142\u0105czniku nr 2 do ustawy o prawach konsumenta z dnia 30 maja 2014 r. (Dz. U. z 2014 r. poz. 827). Postanowienia niniejszego punktu stosuje si\u0119 odpowiednio do odst\u0105pienia od umowy dotycz\u0105cej Konta.<\/li>\n<li style=\"font-weight: 400;\">Wszystkie towary dost\u0119pne w Sklepie obj\u0119te s\u0105 gwarancj\u0105.<\/li>\n<li style=\"font-weight: 400;\">Wszelkie reklamacje dotycz\u0105ce wad towar\u00f3w rozpatrywane b\u0119d\u0105 zgodnie z procedurami stosowanymi w polskim prawie. W przypadku uznania reklamacji za zasadn\u0105 towar wadliwy zostanie naprawiony, wymieniony na inny pe\u0142nowarto\u015bciowy, a je\u015bli b\u0119dzie to ju\u017c niemo\u017cliwe (np. z powodu wyprzedania wszystkich towar\u00f3w i braku ich w magazynie lub u dostawc\u00f3w Sklepu), Sklep zwr\u00f3ci Nabywcy r\u00f3wnowarto\u015b\u0107 ceny towaru lub zaoferuje inny, dost\u0119pny w Sklepie. Miejscem do sk\u0142adania reklamacji jest firma F.H.SALONI, punkt sprzeda\u017cy 00-716 Warszawa, ul.Bartycka 24\/26 pawilon 212<\/li>\n<li style=\"font-weight: 400;\">Opis\u00a0procedury\u00a0reklamacyjnej:<br \/>\nKupuj\u0105cy\u00a0mo\u017ce\u00a0sk\u0142ada\u0107\u00a0Sprzedawcy\u00a0reklamacje\u00a0dotycz\u0105ce\u00a0zawartej\u00a0Umowy\u00a0pod\u00a0adresem\u00a0biuro@saloni.pl,\u00a0lub\u00a0w\u00a0formie<br \/>\npisemnej\u00a0na\u00a0adres\u00a0do\u00a0reklamacji\u00a0Sprzedawcy.\u00a0Poprawnie\u00a0z\u0142o\u017cona\u00a0reklamacja\u00a0powinna\u00a0zawiera\u0107\u00a0co\u00a0najmniej:<br \/>\n- imi\u0119,\u00a0nazwisko,\u00a0adres,\u00a0adres\u00a0e-mail\u00a0Kupuj\u0105cego,<br \/>\n- dat\u0119\u00a0zawarcia\u00a0Umowy\u00a0stanowi\u0105cej\u00a0podstaw\u0119\u00a0reklamacji,<br \/>\n- przedmiot\u00a0reklamacji,\u00a0ze\u00a0wskazaniem\u00a0\u017c\u0105dania\u00a0Kupuj\u0105cego,<br \/>\n- wszelkie\u00a0okoliczno\u015bci\u00a0uzasadniaj\u0105ce\u00a0reklamacj\u0119.<br \/>\nJe\u017celi\u00a0podane\u00a0w\u00a0reklamacji\u00a0dane\u00a0lub\u00a0informacje\u00a0wymagaj\u0105\u00a0uzupe\u0142nienia,\u00a0przed\u00a0rozpatrzeniem\u00a0reklamacji<br \/>\nSprzedaj\u0105cy\u00a0zwraca\u00a0si\u0119\u00a0do\u00a0sk\u0142adaj\u0105cego\u00a0reklamacj\u0119\u00a0o\u00a0jej\u00a0uzupe\u0142nienie\u00a0we\u00a0wskazanym\u00a0zakresie. Sprzedaj\u0105cy\u00a0rozpoznaje\u00a0reklamacj\u0119\u00a0w\u00a0terminie\u00a014\u00a0dni\u00a0od\u00a0daty\u00a0jej\u00a0otrzymania\u00a0w\u00a0prawid\u0142owej\u00a0postaci.<br \/>\nOdpowied\u017a\u00a0na\u00a0reklamacj\u0119\u00a0wysy\u0142ana\u00a0jest\u00a0na\u00a0podany\u00a0przez\u00a0Kupuj\u0105cego\u00a0adres\u00a0e-mail\u00a0b\u0105d\u017a\u00a0na\u00a0adres\u00a0poczty\u00a0tradycyjnej.<\/p>\n<p>\u00a7 9 POLITYKA PRYWATNO\u015aCI ORAZ BEZPIECZE\u0143STWO DANYCH OSOBOWYCH<\/li>\n<\/ol>\n<p style=\"font-weight: 400;\">Administratorem baz danych osobowych przekazywanych przez Us\u0142ugobiorc\u00f3w jest Sprzedawca.<\/p>\n<p style=\"font-weight: 400;\">Sprzedawca zobowi\u0105zuje si\u0119 do ochrony danych osobowych zgodnie z Ustaw\u0105 o ochronie danych osobowych z dnia 29 sierpnia 1997 roku oraz Ustaw\u0105 o \u015bwiadczeniu us\u0142ug drog\u0105 elektroniczn\u0105 z dnia 18 lipca 2002 roku. Us\u0142ugobiorca podaj\u0105c przy sk\u0142adaniu zam\u00f3wienia swoje dane osobowe Sprzedawcy wyra\u017ca zgod\u0119 na ich przetwarzanie przez Sprzedawc\u0119 w celu realizacji z\u0142o\u017conego zam\u00f3wienia. Us\u0142ugobiorca ma w ka\u017cdej chwili mo\u017cliwo\u015b\u0107 wgl\u0105du, poprawiania, aktualizacji oraz usuwania swoich danych osobowych.<\/p>\n<p style=\"font-weight: 400;\">Szczeg\u00f3\u0142owe zasady zbierania, przetwarzania i przechowywania danych osobowych wykorzystywanych w celu realizacji zam\u00f3wie\u0144 przez sklep zosta\u0142y opisane w Polityce prywatno\u015bci, kt\u00f3ra znajduje si\u0119 pod adresem: http:\/\/saloni.pl\/polityka-prywatnosci-pm-10.html<\/p>\n<ul>\n<li style=\"font-weight: 400;\">9 POSTANOWIENIA KO\u0143COWE<\/li>\n<\/ul>\n<ol>\n<li style=\"font-weight: 400;\">Nabywca sk\u0142adaj\u0105c Zam\u00f3wienie i akceptuj\u0105c regulamin Sklepu potwierdza, \u017ce jest \u015bwiadomy zobowi\u0105zania do zap\u0142aty za zam\u00f3wiony towar.\n<p>2. W sprawach nieuregulowanych niniejszym regulaminem, stosuje si\u0119 odpowiednie przepisy Kodeksu cywilnego oraz inne przepisy prawa polskiego.<\/li>\n<li style=\"font-weight: 400;\">Wszystkie wymienione towary na stronie mog\u0105 by\u0107 zastrze\u017conymi znakami towarowymi ich producent\u00f3w. Na stronie wykorzystuje si\u0119 je tylko dla potrzeb handlowych w celach identyfikacyjnych. Wszelkie informacje o produktach zgadzaj\u0105 si\u0119 z ich danymi katalogowymi producent\u00f3w.\n<p>4.Wz\u00f3r\u00a0o\u015bwiadczenia\u00a0o\u00a0odst\u0105pieniu\u00a0od\u00a0umowy\u00a0(o\u015bwiadczenie\u00a0to\u00a0nale\u017cy\u00a0wype\u0142ni\u0107\u00a0i\u00a0odes\u0142a\u0107\u00a0tylko\u00a0w\u00a0przypadku\u00a0ch\u0119ci<br \/>\nodst\u0105pienia\u00a0od\u00a0umowy):<\/p>\n[adres\u00a0sprzedaj\u0105cego]\nJa\u00a0[imi\u0119,\u00a0nazwisko\u00a0kupuj\u0105cego]\u00a0niniejszym\u00a0informuj\u0119\u00a0o\u00a0moim\u00a0odst\u0105pieniu\u00a0od\u00a0umowy\u00a0sprzeda\u017cy\u00a0nast\u0119puj\u0105cych\u00a0rzeczy:<br \/>\n[nazwy\u00a0kupionych przedmiot\u00f3w]]\u00a0.<br \/>\nData\u00a0zawarcia\u00a0umowy\u00a0to\u00a0[data],\u00a0data\u00a0odbioru\u00a0przedmiot\u00f3w\u00a0[data]\u00a0.<br \/>\nImi\u0119\u00a0i\u00a0nazwisko:\u00a0[imi\u0119\u00a0i\u00a0nazwisko\u00a0kupuj\u0105cego]\nAdres:\u00a0[adres\u00a0kupuj\u0105cego]\nData:\u00a0[data\u00a0odst\u0105pienia\u00a0od\u00a0umowy]\nPodpis:\u00a0[tylko\u00a0je\u017celi\u00a0formularz\u00a0jest\u00a0wysy\u0142any\u00a0w\u00a0wersji\u00a0papierowej]\n<p>W\u00a0przypadku\u00a0odst\u0105pienia\u00a0od\u00a0Umowy\u00a0Sprzedawca\u00a0nie\u00a0ponosi\u00a0kosztu\u00a0odes\u0142ania\u00a0Towaru.<\/li>\n<\/ol>\n","protected":false},"excerpt":{"rendered":"<p>Szanowny Kliencie,Uprzejmie informujemy, i\u017c\u00a0 z dniem 25 grudnia 2014 roku ulega zmianie nasz dotychczasowy Regulamin .\u00a0\u00a0\u00a0\u00a0 Wynika to z ustawy o prawach konsumenta z dnia 30 maja 2014 roku (Dz. U. z 2014 r., poz. 827), wprowadzaj\u0105cej obowi\u0105zek dokonania zmian w\u00a0 zakresie m.in. prawa odst\u0105pienia od umowy , procesu reklamacji, przekazywania informacji, tak aby konsumenci\u00a0 [&hellip;]<\/p>\n","protected":false},"author":1,"featured_media":0,"parent":0,"menu_order":0,"comment_status":"closed","ping_status":"closed","template":"","meta":{"footnotes":""},"class_list":["post-162","page","type-page","status-publish","hentry"],"_links":{"self":[{"href":"https:\/\/saloni.pl\/index.php\/wp-json\/wp\/v2\/pages\/162","targetHints":{"allow":["GET"]}}],"collection":[{"href":"https:\/\/saloni.pl\/index.php\/wp-json\/wp\/v2\/pages"}],"about":[{"href":"https:\/\/saloni.pl\/index.php\/wp-json\/wp\/v2\/types\/page"}],"author":[{"embeddable":true,"href":"https:\/\/saloni.pl\/index.php\/wp-json\/wp\/v2\/users\/1"}],"replies":[{"embeddable":true,"href":"https:\/\/saloni.pl\/index.php\/wp-json\/wp\/v2\/comments?post=162"}],"version-history":[{"count":2,"href":"https:\/\/saloni.pl\/index.php\/wp-json\/wp\/v2\/pages\/162\/revisions"}],"predecessor-version":[{"id":205,"href":"https:\/\/saloni.pl\/index.php\/wp-json\/wp\/v2\/pages\/162\/revisions\/205"}],"wp:attachment":[{"href":"https:\/\/saloni.pl\/index.php\/wp-json\/wp\/v2\/media?parent=162"}],"curies":[{"name":"wp","href":"https:\/\/api.w.org\/{rel}","templated":true}]}}