{"id":154,"date":"2022-04-21T12:33:13","date_gmt":"2022-04-21T10:33:13","guid":{"rendered":"https:\/\/webserwis.net\/saloni\/?page_id=154"},"modified":"2022-08-03T15:57:53","modified_gmt":"2022-08-03T13:57:53","slug":"o-nas","status":"publish","type":"page","link":"https:\/\/saloni.pl\/index.php\/o-nas\/","title":{"rendered":"O nas"},"content":{"rendered":"<p>F.H.Saloni to przede wszystkim ludzie. Osoby, kt\u00f3re si\u0119 lubi\u0105, lubi\u0105 ze sob\u0105 pracowa\u0107 i lubi\u0105 swoj\u0105 prac\u0119.<br \/>\nStaramy si\u0119 aby kontakt z nami by\u0142 jak spotkanie z dobrym znajomym do kt\u00f3rego zwracamy si\u0119 o porad\u0119.<\/p>\n<p>Posiadamy ponad 20-letnie do\u015bwiadczenie w bran\u017cy, kt\u00f3re dzi\u015b owocuje dog\u0142\u0119bnym zrozumieniem potrzeb klienta i wychodzeniem im naprzeciw.<br \/>\nPosiadamy najwi\u0119ksz\u0105 w Warszawie ekspozycj\u0119 kabin prysznicowych firm Radaway i New Trendy oraz wanien Besco.<br \/>\nSzeroki wyb\u00f3r asortymentu, pozwala mie\u0107 pewno\u015b\u0107, \u017ce uda si\u0119 odnale\u017a\u0107 dok\u0142adnie taki model, kt\u00f3ry spe\u0142ni Pa\u0144stwa oczekiwania.<br \/>\nW salonach znajduje si\u0119 tak\u017ce wyposa\u017cenie \u0142azienek zaprojektowane przez najlepszych \u015bwiatowych projektant\u00f3w, ale i produkty, na kt\u00f3re mo\u017ce pozwoli\u0107 sobie ka\u017cdy.<br \/>\nWykwalifikowani doradcy handlowi i techniczni pomog\u0105 w dokonywaniu wybor\u00f3w na poszczeg\u00f3lnych etapach, od projektu, poprzez dob\u00f3r techniczny i stylistyczny, a\u017c do transportu, monta\u017cu i serwisu.<br \/>\nBuduj\u0105c dom, urz\u0105dzaj\u0105c lub dekoruj\u0105c mieszkanie z pewno\u015bci\u0105 warto odwiedzi\u0107 nasze salony.<\/p>\n<p><img loading=\"lazy\" decoding=\"async\" class=\"alignnone size-full wp-image-11401\" src=\"https:\/\/saloni.pl\/wp-content\/uploads\/2022\/08\/o-nas.jpg\" alt=\"\" width=\"245\" height=\"165\" \/><\/p>\n","protected":false},"excerpt":{"rendered":"<p>F.H.Saloni to przede wszystkim ludzie. Osoby, kt\u00f3re si\u0119 lubi\u0105, lubi\u0105 ze sob\u0105 pracowa\u0107 i lubi\u0105 swoj\u0105 prac\u0119. Staramy si\u0119 aby kontakt z nami by\u0142 jak spotkanie z dobrym znajomym do kt\u00f3rego zwracamy si\u0119 o porad\u0119. Posiadamy ponad 20-letnie do\u015bwiadczenie w bran\u017cy, kt\u00f3re dzi\u015b owocuje dog\u0142\u0119bnym zrozumieniem potrzeb klienta i wychodzeniem im naprzeciw. Posiadamy najwi\u0119ksz\u0105 w [&hellip;]<\/p>\n","protected":false},"author":1,"featured_media":0,"parent":0,"menu_order":0,"comment_status":"closed","ping_status":"closed","template":"","meta":{"footnotes":""},"class_list":["post-154","page","type-page","status-publish","hentry"],"_links":{"self":[{"href":"https:\/\/saloni.pl\/index.php\/wp-json\/wp\/v2\/pages\/154","targetHints":{"allow":["GET"]}}],"collection":[{"href":"https:\/\/saloni.pl\/index.php\/wp-json\/wp\/v2\/pages"}],"about":[{"href":"https:\/\/saloni.pl\/index.php\/wp-json\/wp\/v2\/types\/page"}],"author":[{"embeddable":true,"href":"https:\/\/saloni.pl\/index.php\/wp-json\/wp\/v2\/users\/1"}],"replies":[{"embeddable":true,"href":"https:\/\/saloni.pl\/index.php\/wp-json\/wp\/v2\/comments?post=154"}],"version-history":[{"count":3,"href":"https:\/\/saloni.pl\/index.php\/wp-json\/wp\/v2\/pages\/154\/revisions"}],"predecessor-version":[{"id":11402,"href":"https:\/\/saloni.pl\/index.php\/wp-json\/wp\/v2\/pages\/154\/revisions\/11402"}],"wp:attachment":[{"href":"https:\/\/saloni.pl\/index.php\/wp-json\/wp\/v2\/media?parent=154"}],"curies":[{"name":"wp","href":"https:\/\/api.w.org\/{rel}","templated":true}]}}